{"id":25615,"date":"2024-09-16T09:03:02","date_gmt":"2024-09-16T07:03:02","guid":{"rendered":"https:\/\/www.lapurla.ch\/?post_type=event&#038;p=25615"},"modified":"2024-09-16T09:48:26","modified_gmt":"2024-09-16T07:48:26","slug":"bambini-creativi-anche-in-futuro-2","status":"publish","type":"event","link":"https:\/\/www.lapurla.ch\/it\/event\/bambini-creativi-anche-in-futuro-2","title":{"rendered":"Bambini creativi, anche in futuro!"},"content":{"rendered":"\n<p>Fai in modo che i bambini continuino ad avere accesso alla cultura anche in futuro e sempre pi\u00f9 spazi di libert\u00e0 creativa a loro disposizione! \u00c8 un dono che puoi fare alle generazioni future.<\/p>\n\n\n\n<p>Fare testamento significa continuare a scegliere in maniera duratura oltre il termine della propria vita e contribuire a un mondo pi\u00f9 creativo e pi\u00f9 giusto.<\/p>\n\n\n\n<p>Avete sempre voluto sapere come si scrive un testamento? Questa \u00e8 la vostra occasione! Fate chiarezza e partecipate al webinar di&nbsp;<a href=\"https:\/\/lapurla.us3.list-manage.com\/track\/click?u=99ee1e1d88304206d6e48b3bd&amp;id=562d63179a&amp;e=acda540f66\" target=\"_blank\" rel=\"noreferrer noopener\">\u00abDein Adieu\u00bb<\/a>. Poich\u00e9 Lapurla \u00e8 registrata su \u00abDein Adieu\u00bb, potete partecipare gratuitamente ai&nbsp;<strong>webinar<\/strong>&nbsp;non vincolanti:<br>Luned\u00ec 11 novembre 2024 | dalle ore 13.15 alle ore 14.15 | Online |&nbsp;<a href=\"https:\/\/lapurla.us3.list-manage.com\/track\/click?u=99ee1e1d88304206d6e48b3bd&amp;id=b23709bd80&amp;e=acda540f66\" target=\"_blank\" rel=\"noreferrer noopener\">Link<\/a>&nbsp;&nbsp;<\/p>\n\n\n\n<figure class=\"wp-block-image size-full\"><img loading=\"lazy\" decoding=\"async\" width=\"1000\" height=\"563\" src=\"https:\/\/www.lapurla.ch\/wp-content\/uploads\/2024\/09\/LapurlaLegat.png\" alt=\"\" class=\"wp-image-25604\" srcset=\"https:\/\/www.lapurla.ch\/wp-content\/uploads\/2024\/09\/LapurlaLegat.png 1000w, https:\/\/www.lapurla.ch\/wp-content\/uploads\/2024\/09\/LapurlaLegat-300x169.png 300w, https:\/\/www.lapurla.ch\/wp-content\/uploads\/2024\/09\/LapurlaLegat-768x432.png 768w\" sizes=\"auto, (max-width: 1000px) 100vw, 1000px\" \/><\/figure>\n","protected":false},"excerpt":{"rendered":"<p>Fai in modo che i bambini continuino ad avere accesso alla cultura anche in futuro e sempre pi\u00f9 spazi di libert\u00e0 creativa a loro disposizione! \u00c8 un dono che puoi fare alle generazioni future. Fare testamento significa continuare a scegliere in maniera duratura oltre il termine della propria vita e contribuire a un mondo pi\u00f9 [&hellip;]<\/p>\n","protected":false},"featured_media":25604,"template":"","meta":{"_acf_changed":false,"latitude":"","longitude":"","kurzbeschreibung":"Fai in modo che i bambini continuino ad avere accesso alla cultura anche in futuro e sempre pi\u00f9 spazi di libert\u00e0 creativa a loro disposizione! \u00c8 un dono che puoi fare alle generazioni future.","datum_von":"2024-11-11 13:15:00","footnotes":""},"kanton":[144],"event_category":[146],"class_list":["post-25615","event","type-event","status-publish","has-post-thumbnail","hentry","kanton-national-it","event_category-anlass-it"],"acf":[],"yoast_head":"<!-- This site is optimized with the Yoast SEO plugin v27.2 - https:\/\/yoast.com\/product\/yoast-seo-wordpress\/ -->\n<title>Bambini creativi, anche in futuro! &#8211; Lapurla<\/title>\n<meta name=\"description\" content=\"Bambini creativi, anche in futuro!\" \/>\n<meta name=\"robots\" content=\"index, follow, max-snippet:-1, max-image-preview:large, max-video-preview:-1\" \/>\n<link rel=\"canonical\" href=\"https:\/\/www.lapurla.ch\/it\/event\/bambini-creativi-anche-in-futuro-2\" \/>\n<meta property=\"og:locale\" content=\"it_IT\" \/>\n<meta property=\"og:type\" content=\"article\" \/>\n<meta property=\"og:title\" content=\"Bambini creativi, anche in futuro! &#8211; Lapurla\" \/>\n<meta property=\"og:description\" content=\"Bambini creativi, anche in futuro!\" \/>\n<meta property=\"og:url\" content=\"https:\/\/www.lapurla.ch\/it\/event\/bambini-creativi-anche-in-futuro-2\" \/>\n<meta property=\"og:site_name\" content=\"Lapurla\" \/>\n<meta property=\"article:modified_time\" content=\"2024-09-16T07:48:26+00:00\" \/>\n<meta property=\"og:image\" content=\"https:\/\/www.lapurla.ch\/wp-content\/uploads\/2024\/09\/LapurlaLegat.png\" \/>\n\t<meta property=\"og:image:width\" content=\"1000\" \/>\n\t<meta property=\"og:image:height\" content=\"563\" \/>\n\t<meta property=\"og:image:type\" content=\"image\/png\" \/>\n<meta name=\"twitter:card\" content=\"summary_large_image\" \/>\n<meta name=\"twitter:label1\" content=\"Tempo di lettura stimato\" \/>\n\t<meta name=\"twitter:data1\" content=\"2 minuti\" \/>\n<script type=\"application\/ld+json\" class=\"yoast-schema-graph\">{\"@context\":\"https:\/\/schema.org\",\"@graph\":[{\"@type\":\"WebPage\",\"@id\":\"https:\/\/www.lapurla.ch\/it\/event\/bambini-creativi-anche-in-futuro-2\",\"url\":\"https:\/\/www.lapurla.ch\/it\/event\/bambini-creativi-anche-in-futuro-2\",\"name\":\"Bambini creativi, anche in futuro! &#8211; Lapurla\",\"isPartOf\":{\"@id\":\"https:\/\/www.lapurla.ch\/#website\"},\"primaryImageOfPage\":{\"@id\":\"https:\/\/www.lapurla.ch\/it\/event\/bambini-creativi-anche-in-futuro-2#primaryimage\"},\"image\":{\"@id\":\"https:\/\/www.lapurla.ch\/it\/event\/bambini-creativi-anche-in-futuro-2#primaryimage\"},\"thumbnailUrl\":\"https:\/\/www.lapurla.ch\/wp-content\/uploads\/2024\/09\/LapurlaLegat.png\",\"datePublished\":\"2024-09-16T07:03:02+00:00\",\"dateModified\":\"2024-09-16T07:48:26+00:00\",\"description\":\"Bambini creativi, anche in futuro!\",\"breadcrumb\":{\"@id\":\"https:\/\/www.lapurla.ch\/it\/event\/bambini-creativi-anche-in-futuro-2#breadcrumb\"},\"inLanguage\":\"it-IT\",\"potentialAction\":[{\"@type\":\"ReadAction\",\"target\":[\"https:\/\/www.lapurla.ch\/it\/event\/bambini-creativi-anche-in-futuro-2\"]}]},{\"@type\":\"ImageObject\",\"inLanguage\":\"it-IT\",\"@id\":\"https:\/\/www.lapurla.ch\/it\/event\/bambini-creativi-anche-in-futuro-2#primaryimage\",\"url\":\"https:\/\/www.lapurla.ch\/wp-content\/uploads\/2024\/09\/LapurlaLegat.png\",\"contentUrl\":\"https:\/\/www.lapurla.ch\/wp-content\/uploads\/2024\/09\/LapurlaLegat.png\",\"width\":1000,\"height\":563},{\"@type\":\"BreadcrumbList\",\"@id\":\"https:\/\/www.lapurla.ch\/it\/event\/bambini-creativi-anche-in-futuro-2#breadcrumb\",\"itemListElement\":[{\"@type\":\"ListItem\",\"position\":1,\"name\":\"Startseite\",\"item\":\"https:\/\/www.lapurla.ch\/it\"},{\"@type\":\"ListItem\",\"position\":2,\"name\":\"Events\",\"item\":\"https:\/\/www.lapurla.ch\/event\"},{\"@type\":\"ListItem\",\"position\":3,\"name\":\"Bambini creativi, anche in futuro!\"}]},{\"@type\":\"WebSite\",\"@id\":\"https:\/\/www.lapurla.ch\/#website\",\"url\":\"https:\/\/www.lapurla.ch\/\",\"name\":\"Lapurla\",\"description\":\"\",\"publisher\":{\"@id\":\"https:\/\/www.lapurla.ch\/#organization\"},\"potentialAction\":[{\"@type\":\"SearchAction\",\"target\":{\"@type\":\"EntryPoint\",\"urlTemplate\":\"https:\/\/www.lapurla.ch\/?s={search_term_string}\"},\"query-input\":{\"@type\":\"PropertyValueSpecification\",\"valueRequired\":true,\"valueName\":\"search_term_string\"}}],\"inLanguage\":\"it-IT\"},{\"@type\":\"Organization\",\"@id\":\"https:\/\/www.lapurla.ch\/#organization\",\"name\":\"Lapurla\",\"url\":\"https:\/\/www.lapurla.ch\/\",\"logo\":{\"@type\":\"ImageObject\",\"inLanguage\":\"it-IT\",\"@id\":\"https:\/\/www.lapurla.ch\/#\/schema\/logo\/image\/\",\"url\":\"https:\/\/www.lapurla.ch\/wp-content\/uploads\/2022\/03\/cropped-favicon.png\",\"contentUrl\":\"https:\/\/www.lapurla.ch\/wp-content\/uploads\/2022\/03\/cropped-favicon.png\",\"width\":512,\"height\":512,\"caption\":\"Lapurla\"},\"image\":{\"@id\":\"https:\/\/www.lapurla.ch\/#\/schema\/logo\/image\/\"}}]}<\/script>\n<!-- \/ Yoast SEO plugin. -->","yoast_head_json":{"title":"Bambini creativi, anche in futuro! &#8211; Lapurla","description":"Bambini creativi, anche in futuro!","robots":{"index":"index","follow":"follow","max-snippet":"max-snippet:-1","max-image-preview":"max-image-preview:large","max-video-preview":"max-video-preview:-1"},"canonical":"https:\/\/www.lapurla.ch\/it\/event\/bambini-creativi-anche-in-futuro-2","og_locale":"it_IT","og_type":"article","og_title":"Bambini creativi, anche in futuro! &#8211; Lapurla","og_description":"Bambini creativi, anche in futuro!","og_url":"https:\/\/www.lapurla.ch\/it\/event\/bambini-creativi-anche-in-futuro-2","og_site_name":"Lapurla","article_modified_time":"2024-09-16T07:48:26+00:00","og_image":[{"width":1000,"height":563,"url":"https:\/\/www.lapurla.ch\/wp-content\/uploads\/2024\/09\/LapurlaLegat.png","type":"image\/png"}],"twitter_card":"summary_large_image","twitter_misc":{"Tempo di lettura stimato":"2 minuti"},"schema":{"@context":"https:\/\/schema.org","@graph":[{"@type":"WebPage","@id":"https:\/\/www.lapurla.ch\/it\/event\/bambini-creativi-anche-in-futuro-2","url":"https:\/\/www.lapurla.ch\/it\/event\/bambini-creativi-anche-in-futuro-2","name":"Bambini creativi, anche in futuro! &#8211; Lapurla","isPartOf":{"@id":"https:\/\/www.lapurla.ch\/#website"},"primaryImageOfPage":{"@id":"https:\/\/www.lapurla.ch\/it\/event\/bambini-creativi-anche-in-futuro-2#primaryimage"},"image":{"@id":"https:\/\/www.lapurla.ch\/it\/event\/bambini-creativi-anche-in-futuro-2#primaryimage"},"thumbnailUrl":"https:\/\/www.lapurla.ch\/wp-content\/uploads\/2024\/09\/LapurlaLegat.png","datePublished":"2024-09-16T07:03:02+00:00","dateModified":"2024-09-16T07:48:26+00:00","description":"Bambini creativi, anche in futuro!","breadcrumb":{"@id":"https:\/\/www.lapurla.ch\/it\/event\/bambini-creativi-anche-in-futuro-2#breadcrumb"},"inLanguage":"it-IT","potentialAction":[{"@type":"ReadAction","target":["https:\/\/www.lapurla.ch\/it\/event\/bambini-creativi-anche-in-futuro-2"]}]},{"@type":"ImageObject","inLanguage":"it-IT","@id":"https:\/\/www.lapurla.ch\/it\/event\/bambini-creativi-anche-in-futuro-2#primaryimage","url":"https:\/\/www.lapurla.ch\/wp-content\/uploads\/2024\/09\/LapurlaLegat.png","contentUrl":"https:\/\/www.lapurla.ch\/wp-content\/uploads\/2024\/09\/LapurlaLegat.png","width":1000,"height":563},{"@type":"BreadcrumbList","@id":"https:\/\/www.lapurla.ch\/it\/event\/bambini-creativi-anche-in-futuro-2#breadcrumb","itemListElement":[{"@type":"ListItem","position":1,"name":"Startseite","item":"https:\/\/www.lapurla.ch\/it"},{"@type":"ListItem","position":2,"name":"Events","item":"https:\/\/www.lapurla.ch\/event"},{"@type":"ListItem","position":3,"name":"Bambini creativi, anche in futuro!"}]},{"@type":"WebSite","@id":"https:\/\/www.lapurla.ch\/#website","url":"https:\/\/www.lapurla.ch\/","name":"Lapurla","description":"","publisher":{"@id":"https:\/\/www.lapurla.ch\/#organization"},"potentialAction":[{"@type":"SearchAction","target":{"@type":"EntryPoint","urlTemplate":"https:\/\/www.lapurla.ch\/?s={search_term_string}"},"query-input":{"@type":"PropertyValueSpecification","valueRequired":true,"valueName":"search_term_string"}}],"inLanguage":"it-IT"},{"@type":"Organization","@id":"https:\/\/www.lapurla.ch\/#organization","name":"Lapurla","url":"https:\/\/www.lapurla.ch\/","logo":{"@type":"ImageObject","inLanguage":"it-IT","@id":"https:\/\/www.lapurla.ch\/#\/schema\/logo\/image\/","url":"https:\/\/www.lapurla.ch\/wp-content\/uploads\/2022\/03\/cropped-favicon.png","contentUrl":"https:\/\/www.lapurla.ch\/wp-content\/uploads\/2022\/03\/cropped-favicon.png","width":512,"height":512,"caption":"Lapurla"},"image":{"@id":"https:\/\/www.lapurla.ch\/#\/schema\/logo\/image\/"}}]}},"datum":"luned\u00ec, 11. novembre 2024 | 13:15     ","_links":{"self":[{"href":"https:\/\/www.lapurla.ch\/it\/wp-json\/wp\/v2\/event\/25615","targetHints":{"allow":["GET"]}}],"collection":[{"href":"https:\/\/www.lapurla.ch\/it\/wp-json\/wp\/v2\/event"}],"about":[{"href":"https:\/\/www.lapurla.ch\/it\/wp-json\/wp\/v2\/types\/event"}],"version-history":[{"count":2,"href":"https:\/\/www.lapurla.ch\/it\/wp-json\/wp\/v2\/event\/25615\/revisions"}],"predecessor-version":[{"id":25655,"href":"https:\/\/www.lapurla.ch\/it\/wp-json\/wp\/v2\/event\/25615\/revisions\/25655"}],"wp:featuredmedia":[{"embeddable":true,"href":"https:\/\/www.lapurla.ch\/it\/wp-json\/wp\/v2\/media\/25604"}],"wp:attachment":[{"href":"https:\/\/www.lapurla.ch\/it\/wp-json\/wp\/v2\/media?parent=25615"}],"wp:term":[{"taxonomy":"kanton","embeddable":true,"href":"https:\/\/www.lapurla.ch\/it\/wp-json\/wp\/v2\/kanton?post=25615"},{"taxonomy":"event_category","embeddable":true,"href":"https:\/\/www.lapurla.ch\/it\/wp-json\/wp\/v2\/event_category?post=25615"}],"curies":[{"name":"wp","href":"https:\/\/api.w.org\/{rel}","templated":true}]}}

<p>Fai in modo che i bambini continuino ad avere accesso alla cultura anche in futuro e sempre più spazi di libertà creativa a loro disposizione! È un dono che puoi fare alle generazioni future.</p>



<p>Fare testamento significa continuare a scegliere in maniera duratura oltre il termine della propria vita e contribuire a un mondo più creativo e più giusto.</p>



<p>Avete sempre voluto sapere come si scrive un testamento? Questa è la vostra occasione! Fate chiarezza e partecipate al webinar di&nbsp;<a href="https://lapurla.us3.list-manage.com/track/click?u=99ee1e1d88304206d6e48b3bd&amp;id=562d63179a&amp;e=acda540f66" target="_blank" rel="noreferrer noopener">«Dein Adieu»</a>. Poiché Lapurla è registrata su «Dein Adieu», potete partecipare gratuitamente ai&nbsp;<strong>webinar</strong>&nbsp;non vincolanti:<br>Lunedì 11 novembre 2024 | dalle ore 13.15 alle ore 14.15 | Online |&nbsp;<a href="https://lapurla.us3.list-manage.com/track/click?u=99ee1e1d88304206d6e48b3bd&amp;id=b23709bd80&amp;e=acda540f66" target="_blank" rel="noreferrer noopener">Link</a>&nbsp;&nbsp;</p>



<figure class="wp-block-image size-full"><img loading="lazy" decoding="async" width="1000" height="563" src="https://www.lapurla.ch/wp-content/uploads/2024/09/LapurlaLegat.png" alt="" class="wp-image-25604" srcset="https://www.lapurla.ch/wp-content/uploads/2024/09/LapurlaLegat.png 1000w, https://www.lapurla.ch/wp-content/uploads/2024/09/LapurlaLegat-300x169.png 300w, https://www.lapurla.ch/wp-content/uploads/2024/09/LapurlaLegat-768x432.png 768w" sizes="auto, (max-width: 1000px) 100vw, 1000px" /></figure>

<p>Fai in modo che i bambini continuino ad avere accesso alla cultura anche in futuro e sempre più spazi di libertà creativa a loro disposizione! È un dono che puoi fare alle generazioni future. Fare testamento significa continuare a scegliere in maniera duratura oltre il termine della propria vita e contribuire a un mondo più [&hellip;]</p>

Fai in modo che i bambini continuino ad avere accesso alla cultura anche in futuro e sempre più spazi di libertà creativa a loro disposizione! È un dono che puoi fare alle generazioni future.

lunedì, 11. novembre 2024 | 13:15
