{"id":34445,"date":"2026-03-11T10:40:58","date_gmt":"2026-03-11T09:40:58","guid":{"rendered":"https:\/\/www.lapurla.ch\/?post_type=event&#038;p=34445"},"modified":"2026-04-28T10:00:16","modified_gmt":"2026-04-28T08:00:16","slug":"les-variations-musicales-concerts-bebe","status":"publish","type":"event","link":"https:\/\/www.lapurla.ch\/fr\/event\/les-variations-musicales-concerts-bebe","title":{"rendered":"Les Variations Musicales &#8211; Concerts b\u00e9b\u00e9"},"content":{"rendered":"\n<p>L\u2019ensemble&nbsp;<strong>Les Variations Musicales<\/strong>&nbsp;propose une s\u00e9rie de&nbsp;<strong>Concerts B\u00e9b\u00e9<\/strong>, sp\u00e9cialement pens\u00e9s pour les tout-petits et leurs parents.<\/p>\n\n\n\n<p>Ces concerts offrent aux b\u00e9b\u00e9s une&nbsp;<strong>premi\u00e8re exp\u00e9rience de musique vivante<\/strong>, dans un cadre chaleureux et bienveillant. Pendant environ&nbsp;<strong>30 minutes<\/strong>, les musicien\u00b7ne\u00b7s invitent les familles \u00e0 un moment d\u2019\u00e9coute et de d\u00e9couverte sonore, accessible&nbsp;<strong>d\u00e8s la naissance<\/strong>.<\/p>\n\n\n\n<p>Le confort des enfants est au c\u0153ur de l\u2019exp\u00e9rience : les familles sont invit\u00e9es \u00e0 venir avec&nbsp;<strong>un tapis d\u2019\u00e9veil ou de yoga<\/strong>. Les b\u00e9b\u00e9s peuvent bouger librement, \u00eatre port\u00e9s, nourris ou chang\u00e9s pendant le concert.<\/p>\n\n\n\n<p>Une belle occasion de&nbsp;<strong>partager la musique en famille d\u00e8s les premiers mois de vie<\/strong>.<\/p>\n\n\n\n<p>R\u00e9servation et dates en ligne: <a href=\"https:\/\/www.lesvariationsmusicales.com\/saison-2026-1er-semestre\">Les variations musicales<\/a><br><\/p>\n\n\n\n<figure class=\"wp-block-image size-full\"><img loading=\"lazy\" decoding=\"async\" width=\"1200\" height=\"1200\" src=\"https:\/\/www.lapurla.ch\/wp-content\/uploads\/2026\/03\/Imageconcertsbebe.png\" alt=\"\" class=\"wp-image-34834\" srcset=\"https:\/\/www.lapurla.ch\/wp-content\/uploads\/2026\/03\/Imageconcertsbebe.png 1200w, https:\/\/www.lapurla.ch\/wp-content\/uploads\/2026\/03\/Imageconcertsbebe-300x300.png 300w, https:\/\/www.lapurla.ch\/wp-content\/uploads\/2026\/03\/Imageconcertsbebe-1024x1024.png 1024w, https:\/\/www.lapurla.ch\/wp-content\/uploads\/2026\/03\/Imageconcertsbebe-150x150.png 150w, https:\/\/www.lapurla.ch\/wp-content\/uploads\/2026\/03\/Imageconcertsbebe-768x768.png 768w\" sizes=\"auto, (max-width: 1200px) 100vw, 1200px\" \/><\/figure>\n","protected":false},"excerpt":{"rendered":"<p>L\u2019ensemble&nbsp;Les Variations Musicales&nbsp;propose une s\u00e9rie de&nbsp;Concerts B\u00e9b\u00e9, sp\u00e9cialement pens\u00e9s pour les tout-petits et leurs parents. Ces concerts offrent aux b\u00e9b\u00e9s une&nbsp;premi\u00e8re exp\u00e9rience de musique vivante, dans un cadre chaleureux et bienveillant. Pendant environ&nbsp;30 minutes, les musicien\u00b7ne\u00b7s invitent les familles \u00e0 un moment d\u2019\u00e9coute et de d\u00e9couverte sonore, accessible&nbsp;d\u00e8s la naissance. Le confort des enfants est [&hellip;]<\/p>\n","protected":false},"featured_media":34834,"template":"","meta":{"_acf_changed":false,"latitude":"","longitude":"","kurzbeschreibung":"Une premi\u00e8re rencontre avec la musique vivante. Un moment musical doux et sensoriel \u00e0 partager avec les tout-petits d\u00e8s la naissance.\r\n30 minutes de musique en direct, \u00e0 vivre avec son b\u00e9b\u00e9.","datum_von":"2026-05-02 10:00:00","footnotes":""},"kanton":[129],"event_category":[166],"class_list":["post-34445","event","type-event","status-publish","has-post-thumbnail","hentry","kanton-waadt-fr","event_category-offres-pour-les-enfants"],"acf":[],"yoast_head":"<!-- This site is optimized with the Yoast SEO plugin v27.2 - https:\/\/yoast.com\/product\/yoast-seo-wordpress\/ -->\n<title>Les Variations Musicales - Concerts b\u00e9b\u00e9 &#8211; Lapurla<\/title>\n<meta name=\"description\" content=\"Les Variations Musicales - Concerts b\u00e9b\u00e9\" \/>\n<meta name=\"robots\" content=\"index, follow, max-snippet:-1, max-image-preview:large, max-video-preview:-1\" \/>\n<link rel=\"canonical\" href=\"https:\/\/www.lapurla.ch\/fr\/event\/les-variations-musicales-concerts-bebe\" \/>\n<meta property=\"og:locale\" content=\"fr_FR\" \/>\n<meta property=\"og:type\" content=\"article\" \/>\n<meta property=\"og:title\" content=\"Les Variations Musicales - Concerts b\u00e9b\u00e9 &#8211; Lapurla\" \/>\n<meta property=\"og:description\" content=\"Les Variations Musicales - Concerts b\u00e9b\u00e9\" \/>\n<meta property=\"og:url\" content=\"https:\/\/www.lapurla.ch\/fr\/event\/les-variations-musicales-concerts-bebe\" \/>\n<meta property=\"og:site_name\" content=\"Lapurla\" \/>\n<meta property=\"article:modified_time\" content=\"2026-04-28T08:00:16+00:00\" \/>\n<meta property=\"og:image\" content=\"https:\/\/www.lapurla.ch\/wp-content\/uploads\/2026\/03\/Imageconcertsbebe.png\" \/>\n\t<meta property=\"og:image:width\" content=\"1200\" \/>\n\t<meta property=\"og:image:height\" content=\"1200\" \/>\n\t<meta property=\"og:image:type\" content=\"image\/png\" \/>\n<meta name=\"twitter:card\" content=\"summary_large_image\" \/>\n<meta name=\"twitter:label1\" content=\"Dur\u00e9e de lecture estim\u00e9e\" \/>\n\t<meta name=\"twitter:data1\" content=\"2 minutes\" \/>\n<script type=\"application\/ld+json\" class=\"yoast-schema-graph\">{\"@context\":\"https:\/\/schema.org\",\"@graph\":[{\"@type\":\"WebPage\",\"@id\":\"https:\/\/www.lapurla.ch\/fr\/event\/les-variations-musicales-concerts-bebe\",\"url\":\"https:\/\/www.lapurla.ch\/fr\/event\/les-variations-musicales-concerts-bebe\",\"name\":\"Les Variations Musicales - Concerts b\u00e9b\u00e9 &#8211; Lapurla\",\"isPartOf\":{\"@id\":\"https:\/\/www.lapurla.ch\/#website\"},\"primaryImageOfPage\":{\"@id\":\"https:\/\/www.lapurla.ch\/fr\/event\/les-variations-musicales-concerts-bebe#primaryimage\"},\"image\":{\"@id\":\"https:\/\/www.lapurla.ch\/fr\/event\/les-variations-musicales-concerts-bebe#primaryimage\"},\"thumbnailUrl\":\"https:\/\/www.lapurla.ch\/wp-content\/uploads\/2026\/03\/Imageconcertsbebe.png\",\"datePublished\":\"2026-03-11T09:40:58+00:00\",\"dateModified\":\"2026-04-28T08:00:16+00:00\",\"description\":\"Les Variations Musicales - Concerts b\u00e9b\u00e9\",\"breadcrumb\":{\"@id\":\"https:\/\/www.lapurla.ch\/fr\/event\/les-variations-musicales-concerts-bebe#breadcrumb\"},\"inLanguage\":\"fr-FR\",\"potentialAction\":[{\"@type\":\"ReadAction\",\"target\":[\"https:\/\/www.lapurla.ch\/fr\/event\/les-variations-musicales-concerts-bebe\"]}]},{\"@type\":\"ImageObject\",\"inLanguage\":\"fr-FR\",\"@id\":\"https:\/\/www.lapurla.ch\/fr\/event\/les-variations-musicales-concerts-bebe#primaryimage\",\"url\":\"https:\/\/www.lapurla.ch\/wp-content\/uploads\/2026\/03\/Imageconcertsbebe.png\",\"contentUrl\":\"https:\/\/www.lapurla.ch\/wp-content\/uploads\/2026\/03\/Imageconcertsbebe.png\",\"width\":1200,\"height\":1200},{\"@type\":\"BreadcrumbList\",\"@id\":\"https:\/\/www.lapurla.ch\/fr\/event\/les-variations-musicales-concerts-bebe#breadcrumb\",\"itemListElement\":[{\"@type\":\"ListItem\",\"position\":1,\"name\":\"Startseite\",\"item\":\"https:\/\/www.lapurla.ch\/fr\"},{\"@type\":\"ListItem\",\"position\":2,\"name\":\"Events\",\"item\":\"https:\/\/www.lapurla.ch\/event\"},{\"@type\":\"ListItem\",\"position\":3,\"name\":\"Les Variations Musicales &#8211; Concerts b\u00e9b\u00e9\"}]},{\"@type\":\"WebSite\",\"@id\":\"https:\/\/www.lapurla.ch\/#website\",\"url\":\"https:\/\/www.lapurla.ch\/\",\"name\":\"Lapurla\",\"description\":\"\",\"publisher\":{\"@id\":\"https:\/\/www.lapurla.ch\/#organization\"},\"potentialAction\":[{\"@type\":\"SearchAction\",\"target\":{\"@type\":\"EntryPoint\",\"urlTemplate\":\"https:\/\/www.lapurla.ch\/?s={search_term_string}\"},\"query-input\":{\"@type\":\"PropertyValueSpecification\",\"valueRequired\":true,\"valueName\":\"search_term_string\"}}],\"inLanguage\":\"fr-FR\"},{\"@type\":\"Organization\",\"@id\":\"https:\/\/www.lapurla.ch\/#organization\",\"name\":\"Lapurla\",\"url\":\"https:\/\/www.lapurla.ch\/\",\"logo\":{\"@type\":\"ImageObject\",\"inLanguage\":\"fr-FR\",\"@id\":\"https:\/\/www.lapurla.ch\/#\/schema\/logo\/image\/\",\"url\":\"https:\/\/www.lapurla.ch\/wp-content\/uploads\/2022\/03\/cropped-favicon.png\",\"contentUrl\":\"https:\/\/www.lapurla.ch\/wp-content\/uploads\/2022\/03\/cropped-favicon.png\",\"width\":512,\"height\":512,\"caption\":\"Lapurla\"},\"image\":{\"@id\":\"https:\/\/www.lapurla.ch\/#\/schema\/logo\/image\/\"}}]}<\/script>\n<!-- \/ Yoast SEO plugin. -->","yoast_head_json":{"title":"Les Variations Musicales - Concerts b\u00e9b\u00e9 &#8211; Lapurla","description":"Les Variations Musicales - Concerts b\u00e9b\u00e9","robots":{"index":"index","follow":"follow","max-snippet":"max-snippet:-1","max-image-preview":"max-image-preview:large","max-video-preview":"max-video-preview:-1"},"canonical":"https:\/\/www.lapurla.ch\/fr\/event\/les-variations-musicales-concerts-bebe","og_locale":"fr_FR","og_type":"article","og_title":"Les Variations Musicales - Concerts b\u00e9b\u00e9 &#8211; Lapurla","og_description":"Les Variations Musicales - Concerts b\u00e9b\u00e9","og_url":"https:\/\/www.lapurla.ch\/fr\/event\/les-variations-musicales-concerts-bebe","og_site_name":"Lapurla","article_modified_time":"2026-04-28T08:00:16+00:00","og_image":[{"width":1200,"height":1200,"url":"https:\/\/www.lapurla.ch\/wp-content\/uploads\/2026\/03\/Imageconcertsbebe.png","type":"image\/png"}],"twitter_card":"summary_large_image","twitter_misc":{"Dur\u00e9e de lecture estim\u00e9e":"2 minutes"},"schema":{"@context":"https:\/\/schema.org","@graph":[{"@type":"WebPage","@id":"https:\/\/www.lapurla.ch\/fr\/event\/les-variations-musicales-concerts-bebe","url":"https:\/\/www.lapurla.ch\/fr\/event\/les-variations-musicales-concerts-bebe","name":"Les Variations Musicales - Concerts b\u00e9b\u00e9 &#8211; Lapurla","isPartOf":{"@id":"https:\/\/www.lapurla.ch\/#website"},"primaryImageOfPage":{"@id":"https:\/\/www.lapurla.ch\/fr\/event\/les-variations-musicales-concerts-bebe#primaryimage"},"image":{"@id":"https:\/\/www.lapurla.ch\/fr\/event\/les-variations-musicales-concerts-bebe#primaryimage"},"thumbnailUrl":"https:\/\/www.lapurla.ch\/wp-content\/uploads\/2026\/03\/Imageconcertsbebe.png","datePublished":"2026-03-11T09:40:58+00:00","dateModified":"2026-04-28T08:00:16+00:00","description":"Les Variations Musicales - Concerts b\u00e9b\u00e9","breadcrumb":{"@id":"https:\/\/www.lapurla.ch\/fr\/event\/les-variations-musicales-concerts-bebe#breadcrumb"},"inLanguage":"fr-FR","potentialAction":[{"@type":"ReadAction","target":["https:\/\/www.lapurla.ch\/fr\/event\/les-variations-musicales-concerts-bebe"]}]},{"@type":"ImageObject","inLanguage":"fr-FR","@id":"https:\/\/www.lapurla.ch\/fr\/event\/les-variations-musicales-concerts-bebe#primaryimage","url":"https:\/\/www.lapurla.ch\/wp-content\/uploads\/2026\/03\/Imageconcertsbebe.png","contentUrl":"https:\/\/www.lapurla.ch\/wp-content\/uploads\/2026\/03\/Imageconcertsbebe.png","width":1200,"height":1200},{"@type":"BreadcrumbList","@id":"https:\/\/www.lapurla.ch\/fr\/event\/les-variations-musicales-concerts-bebe#breadcrumb","itemListElement":[{"@type":"ListItem","position":1,"name":"Startseite","item":"https:\/\/www.lapurla.ch\/fr"},{"@type":"ListItem","position":2,"name":"Events","item":"https:\/\/www.lapurla.ch\/event"},{"@type":"ListItem","position":3,"name":"Les Variations Musicales &#8211; Concerts b\u00e9b\u00e9"}]},{"@type":"WebSite","@id":"https:\/\/www.lapurla.ch\/#website","url":"https:\/\/www.lapurla.ch\/","name":"Lapurla","description":"","publisher":{"@id":"https:\/\/www.lapurla.ch\/#organization"},"potentialAction":[{"@type":"SearchAction","target":{"@type":"EntryPoint","urlTemplate":"https:\/\/www.lapurla.ch\/?s={search_term_string}"},"query-input":{"@type":"PropertyValueSpecification","valueRequired":true,"valueName":"search_term_string"}}],"inLanguage":"fr-FR"},{"@type":"Organization","@id":"https:\/\/www.lapurla.ch\/#organization","name":"Lapurla","url":"https:\/\/www.lapurla.ch\/","logo":{"@type":"ImageObject","inLanguage":"fr-FR","@id":"https:\/\/www.lapurla.ch\/#\/schema\/logo\/image\/","url":"https:\/\/www.lapurla.ch\/wp-content\/uploads\/2022\/03\/cropped-favicon.png","contentUrl":"https:\/\/www.lapurla.ch\/wp-content\/uploads\/2022\/03\/cropped-favicon.png","width":512,"height":512,"caption":"Lapurla"},"image":{"@id":"https:\/\/www.lapurla.ch\/#\/schema\/logo\/image\/"}}]}},"datum":"samedi, 2. mai 2026 | 10:00 h","_links":{"self":[{"href":"https:\/\/www.lapurla.ch\/fr\/wp-json\/wp\/v2\/event\/34445","targetHints":{"allow":["GET"]}}],"collection":[{"href":"https:\/\/www.lapurla.ch\/fr\/wp-json\/wp\/v2\/event"}],"about":[{"href":"https:\/\/www.lapurla.ch\/fr\/wp-json\/wp\/v2\/types\/event"}],"version-history":[{"count":2,"href":"https:\/\/www.lapurla.ch\/fr\/wp-json\/wp\/v2\/event\/34445\/revisions"}],"predecessor-version":[{"id":34839,"href":"https:\/\/www.lapurla.ch\/fr\/wp-json\/wp\/v2\/event\/34445\/revisions\/34839"}],"wp:featuredmedia":[{"embeddable":true,"href":"https:\/\/www.lapurla.ch\/fr\/wp-json\/wp\/v2\/media\/34834"}],"wp:attachment":[{"href":"https:\/\/www.lapurla.ch\/fr\/wp-json\/wp\/v2\/media?parent=34445"}],"wp:term":[{"taxonomy":"kanton","embeddable":true,"href":"https:\/\/www.lapurla.ch\/fr\/wp-json\/wp\/v2\/kanton?post=34445"},{"taxonomy":"event_category","embeddable":true,"href":"https:\/\/www.lapurla.ch\/fr\/wp-json\/wp\/v2\/event_category?post=34445"}],"curies":[{"name":"wp","href":"https:\/\/api.w.org\/{rel}","templated":true}]}}

Les Variations Musicales &#8211; Concerts bébé

<p>L’ensemble&nbsp;<strong>Les Variations Musicales</strong>&nbsp;propose une série de&nbsp;<strong>Concerts Bébé</strong>, spécialement pensés pour les tout-petits et leurs parents.</p>



<p>Ces concerts offrent aux bébés une&nbsp;<strong>première expérience de musique vivante</strong>, dans un cadre chaleureux et bienveillant. Pendant environ&nbsp;<strong>30 minutes</strong>, les musicien·ne·s invitent les familles à un moment d’écoute et de découverte sonore, accessible&nbsp;<strong>dès la naissance</strong>.</p>



<p>Le confort des enfants est au cœur de l’expérience : les familles sont invitées à venir avec&nbsp;<strong>un tapis d’éveil ou de yoga</strong>. Les bébés peuvent bouger librement, être portés, nourris ou changés pendant le concert.</p>



<p>Une belle occasion de&nbsp;<strong>partager la musique en famille dès les premiers mois de vie</strong>.</p>



<p>Réservation et dates en ligne: <a href="https://www.lesvariationsmusicales.com/saison-2026-1er-semestre">Les variations musicales</a><br></p>



<figure class="wp-block-image size-full"><img loading="lazy" decoding="async" width="1200" height="1200" src="https://www.lapurla.ch/wp-content/uploads/2026/03/Imageconcertsbebe.png" alt="" class="wp-image-34834" srcset="https://www.lapurla.ch/wp-content/uploads/2026/03/Imageconcertsbebe.png 1200w, https://www.lapurla.ch/wp-content/uploads/2026/03/Imageconcertsbebe-300x300.png 300w, https://www.lapurla.ch/wp-content/uploads/2026/03/Imageconcertsbebe-1024x1024.png 1024w, https://www.lapurla.ch/wp-content/uploads/2026/03/Imageconcertsbebe-150x150.png 150w, https://www.lapurla.ch/wp-content/uploads/2026/03/Imageconcertsbebe-768x768.png 768w" sizes="auto, (max-width: 1200px) 100vw, 1200px" /></figure>

<p>L’ensemble&nbsp;Les Variations Musicales&nbsp;propose une série de&nbsp;Concerts Bébé, spécialement pensés pour les tout-petits et leurs parents. Ces concerts offrent aux bébés une&nbsp;première expérience de musique vivante, dans un cadre chaleureux et bienveillant. Pendant environ&nbsp;30 minutes, les musicien·ne·s invitent les familles à un moment d’écoute et de découverte sonore, accessible&nbsp;dès la naissance. Le confort des enfants est [&hellip;]</p>

Une première rencontre avec la musique vivante. Un moment musical doux et sensoriel à partager avec les tout-petits dès la naissance.
30 minutes de musique en direct, à vivre avec son bébé.

<!-- This site is optimized with the Yoast SEO plugin v27.2 - https://yoast.com/product/yoast-seo-wordpress/ -->
<title>Les Variations Musicales - Concerts bébé &#8211; Lapurla</title>
<meta name="description" content="Les Variations Musicales - Concerts bébé" />
<meta name="robots" content="index, follow, max-snippet:-1, max-image-preview:large, max-video-preview:-1" />
<link rel="canonical" href="https://www.lapurla.ch/fr/event/les-variations-musicales-concerts-bebe" />
<meta property="og:locale" content="fr_FR" />
<meta property="og:type" content="article" />
<meta property="og:title" content="Les Variations Musicales - Concerts bébé &#8211; Lapurla" />
<meta property="og:description" content="Les Variations Musicales - Concerts bébé" />
<meta property="og:url" content="https://www.lapurla.ch/fr/event/les-variations-musicales-concerts-bebe" />
<meta property="og:site_name" content="Lapurla" />
<meta property="article:modified_time" content="2026-04-28T08:00:16+00:00" />
<meta property="og:image" content="https://www.lapurla.ch/wp-content/uploads/2026/03/Imageconcertsbebe.png" />
	<meta property="og:image:width" content="1200" />
	<meta property="og:image:height" content="1200" />
	<meta property="og:image:type" content="image/png" />
<meta name="twitter:card" content="summary_large_image" />
<meta name="twitter:label1" content="Durée de lecture estimée" />
	<meta name="twitter:data1" content="2 minutes" />
<script type="application/ld+json" class="yoast-schema-graph">{"@context":"https://schema.org","@graph":[{"@type":"WebPage","@id":"https://www.lapurla.ch/fr/event/les-variations-musicales-concerts-bebe","url":"https://www.lapurla.ch/fr/event/les-variations-musicales-concerts-bebe","name":"Les Variations Musicales - Concerts bébé &#8211; Lapurla","isPartOf":{"@id":"https://www.lapurla.ch/#website"},"primaryImageOfPage":{"@id":"https://www.lapurla.ch/fr/event/les-variations-musicales-concerts-bebe#primaryimage"},"image":{"@id":"https://www.lapurla.ch/fr/event/les-variations-musicales-concerts-bebe#primaryimage"},"thumbnailUrl":"https://www.lapurla.ch/wp-content/uploads/2026/03/Imageconcertsbebe.png","datePublished":"2026-03-11T09:40:58+00:00","dateModified":"2026-04-28T08:00:16+00:00","description":"Les Variations Musicales - Concerts bébé","breadcrumb":{"@id":"https://www.lapurla.ch/fr/event/les-variations-musicales-concerts-bebe#breadcrumb"},"inLanguage":"fr-FR","potentialAction":[{"@type":"ReadAction","target":["https://www.lapurla.ch/fr/event/les-variations-musicales-concerts-bebe"]}]},{"@type":"ImageObject","inLanguage":"fr-FR","@id":"https://www.lapurla.ch/fr/event/les-variations-musicales-concerts-bebe#primaryimage","url":"https://www.lapurla.ch/wp-content/uploads/2026/03/Imageconcertsbebe.png","contentUrl":"https://www.lapurla.ch/wp-content/uploads/2026/03/Imageconcertsbebe.png","width":1200,"height":1200},{"@type":"BreadcrumbList","@id":"https://www.lapurla.ch/fr/event/les-variations-musicales-concerts-bebe#breadcrumb","itemListElement":[{"@type":"ListItem","position":1,"name":"Startseite","item":"https://www.lapurla.ch/fr"},{"@type":"ListItem","position":2,"name":"Events","item":"https://www.lapurla.ch/event"},{"@type":"ListItem","position":3,"name":"Les Variations Musicales &#8211; Concerts bébé"}]},{"@type":"WebSite","@id":"https://www.lapurla.ch/#website","url":"https://www.lapurla.ch/","name":"Lapurla","description":"","publisher":{"@id":"https://www.lapurla.ch/#organization"},"potentialAction":[{"@type":"SearchAction","target":{"@type":"EntryPoint","urlTemplate":"https://www.lapurla.ch/?s={search_term_string}"},"query-input":{"@type":"PropertyValueSpecification","valueRequired":true,"valueName":"search_term_string"}}],"inLanguage":"fr-FR"},{"@type":"Organization","@id":"https://www.lapurla.ch/#organization","name":"Lapurla","url":"https://www.lapurla.ch/","logo":{"@type":"ImageObject","inLanguage":"fr-FR","@id":"https://www.lapurla.ch/#/schema/logo/image/","url":"https://www.lapurla.ch/wp-content/uploads/2022/03/cropped-favicon.png","contentUrl":"https://www.lapurla.ch/wp-content/uploads/2022/03/cropped-favicon.png","width":512,"height":512,"caption":"Lapurla"},"image":{"@id":"https://www.lapurla.ch/#/schema/logo/image/"}}]}</script>
<!-- / Yoast SEO plugin. -->

Les Variations Musicales - Concerts bébé &#8211; Lapurla

Les Variations Musicales - Concerts bébé
