{"id":34404,"date":"2026-03-10T09:49:28","date_gmt":"2026-03-10T08:49:28","guid":{"rendered":"https:\/\/www.lapurla.ch\/?post_type=event&#038;p=34404"},"modified":"2026-03-10T10:18:07","modified_gmt":"2026-03-10T09:18:07","slug":"ces-tresors-qui-vivent-dans-mes-poches","status":"publish","type":"event","link":"https:\/\/www.lapurla.ch\/fr\/event\/ces-tresors-qui-vivent-dans-mes-poches","title":{"rendered":"\u00abCes tr\u00e9sors qui vivent dans mes poches\u00bb"},"content":{"rendered":"\n<p><strong>Spectacle participatif pour les tout-petits (6 mois \u2013 4 ans)<\/strong><\/p>\n\n\n\n<p>Au c\u0153ur d\u2019un univers inspir\u00e9 de la for\u00eat, ce spectacle sensoriel invite les tout-petits \u00e0 explorer mati\u00e8res organiques, sons et histoires non verbales. \u00c0 travers le jeu, le mouvement et l\u2019imaginaire, les enfants d\u00e9couvrent un paysage po\u00e9tique o\u00f9 chaque \u00e9l\u00e9ment devient une invitation \u00e0 ressentir et \u00e0 cr\u00e9er.<\/p>\n\n\n\n<p>La repr\u00e9sentation est suivie d\u2019une&nbsp;<strong>improvisation collective<\/strong>&nbsp;entre enfants et adultes : un moment d\u2019exploration corporelle et sensible des mat\u00e9riaux du spectacle, \u00e0 vivre ensemble, dans le silence et la cr\u00e9ativit\u00e9.<\/p>\n\n\n\n<p>Une exp\u00e9rience artistique immersive pour les enfants de&nbsp;<strong>6 mois \u00e0 4 ans<\/strong>&nbsp;et leurs accompagnant\u00b7e\u00b7s.<\/p>\n\n\n\n<figure class=\"wp-block-image size-large\"><img loading=\"lazy\" decoding=\"async\" width=\"1024\" height=\"646\" src=\"https:\/\/www.lapurla.ch\/wp-content\/uploads\/2026\/03\/Mutin.esLausanne-1-1024x646.jpg\" alt=\"\" class=\"wp-image-34409\" srcset=\"https:\/\/www.lapurla.ch\/wp-content\/uploads\/2026\/03\/Mutin.esLausanne-1-1024x646.jpg 1024w, https:\/\/www.lapurla.ch\/wp-content\/uploads\/2026\/03\/Mutin.esLausanne-1-300x189.jpg 300w, https:\/\/www.lapurla.ch\/wp-content\/uploads\/2026\/03\/Mutin.esLausanne-1-768x485.jpg 768w, https:\/\/www.lapurla.ch\/wp-content\/uploads\/2026\/03\/Mutin.esLausanne-1.jpg 1220w\" sizes=\"auto, (max-width: 1024px) 100vw, 1024px\" \/><figcaption class=\"wp-element-caption\">Screenshot<\/figcaption><\/figure>\n","protected":false},"excerpt":{"rendered":"<p>Spectacle participatif pour les tout-petits (6 mois \u2013 4 ans) Au c\u0153ur d\u2019un univers inspir\u00e9 de la for\u00eat, ce spectacle sensoriel invite les tout-petits \u00e0 explorer mati\u00e8res organiques, sons et histoires non verbales. \u00c0 travers le jeu, le mouvement et l\u2019imaginaire, les enfants d\u00e9couvrent un paysage po\u00e9tique o\u00f9 chaque \u00e9l\u00e9ment devient une invitation \u00e0 ressentir [&hellip;]<\/p>\n","protected":false},"featured_media":34406,"template":"","meta":{"_acf_changed":false,"latitude":"","longitude":"","kurzbeschreibung":"Un spectacle sensoriel pour les 6 mois \u2013 4 ans autour de la for\u00eat, des mati\u00e8res et des sons.\r\nApr\u00e8s la repr\u00e9sentation, enfants et adultes sont invit\u00e9s \u00e0 explorer ensemble les mat\u00e9riaux du spectacle lors d\u2019une improvisation collective.","datum_von":"2026-03-21 15:00:00","footnotes":""},"kanton":[129],"event_category":[166],"class_list":["post-34404","event","type-event","status-publish","has-post-thumbnail","hentry","kanton-waadt-fr","event_category-offres-pour-les-enfants"],"acf":[],"yoast_head":"<!-- This site is optimized with the Yoast SEO plugin v27.2 - https:\/\/yoast.com\/product\/yoast-seo-wordpress\/ -->\n<title>\u00abCes tr\u00e9sors qui vivent dans mes poches\u00bb &#8211; Lapurla<\/title>\n<meta name=\"description\" content=\"\u00abCes tr\u00e9sors qui vivent dans mes poches\u00bb\" \/>\n<meta name=\"robots\" content=\"index, follow, max-snippet:-1, max-image-preview:large, max-video-preview:-1\" \/>\n<link rel=\"canonical\" href=\"https:\/\/www.lapurla.ch\/fr\/event\/ces-tresors-qui-vivent-dans-mes-poches\" \/>\n<meta property=\"og:locale\" content=\"fr_FR\" \/>\n<meta property=\"og:type\" content=\"article\" \/>\n<meta property=\"og:title\" content=\"\u00abCes tr\u00e9sors qui vivent dans mes poches\u00bb &#8211; Lapurla\" \/>\n<meta property=\"og:description\" content=\"\u00abCes tr\u00e9sors qui vivent dans mes poches\u00bb\" \/>\n<meta property=\"og:url\" content=\"https:\/\/www.lapurla.ch\/fr\/event\/ces-tresors-qui-vivent-dans-mes-poches\" \/>\n<meta property=\"og:site_name\" content=\"Lapurla\" \/>\n<meta property=\"article:modified_time\" content=\"2026-03-10T09:18:07+00:00\" \/>\n<meta property=\"og:image\" content=\"https:\/\/www.lapurla.ch\/wp-content\/uploads\/2026\/03\/Mutin.esLausanne.jpg\" \/>\n\t<meta property=\"og:image:width\" content=\"1220\" \/>\n\t<meta property=\"og:image:height\" content=\"770\" \/>\n\t<meta property=\"og:image:type\" content=\"image\/jpeg\" \/>\n<meta name=\"twitter:card\" content=\"summary_large_image\" \/>\n<meta name=\"twitter:label1\" content=\"Dur\u00e9e de lecture estim\u00e9e\" \/>\n\t<meta name=\"twitter:data1\" content=\"1 minute\" \/>\n<script type=\"application\/ld+json\" class=\"yoast-schema-graph\">{\"@context\":\"https:\/\/schema.org\",\"@graph\":[{\"@type\":\"WebPage\",\"@id\":\"https:\/\/www.lapurla.ch\/fr\/event\/ces-tresors-qui-vivent-dans-mes-poches\",\"url\":\"https:\/\/www.lapurla.ch\/fr\/event\/ces-tresors-qui-vivent-dans-mes-poches\",\"name\":\"\u00abCes tr\u00e9sors qui vivent dans mes poches\u00bb &#8211; Lapurla\",\"isPartOf\":{\"@id\":\"https:\/\/www.lapurla.ch\/#website\"},\"primaryImageOfPage\":{\"@id\":\"https:\/\/www.lapurla.ch\/fr\/event\/ces-tresors-qui-vivent-dans-mes-poches#primaryimage\"},\"image\":{\"@id\":\"https:\/\/www.lapurla.ch\/fr\/event\/ces-tresors-qui-vivent-dans-mes-poches#primaryimage\"},\"thumbnailUrl\":\"https:\/\/www.lapurla.ch\/wp-content\/uploads\/2026\/03\/Mutin.esLausanne.jpg\",\"datePublished\":\"2026-03-10T08:49:28+00:00\",\"dateModified\":\"2026-03-10T09:18:07+00:00\",\"description\":\"\u00abCes tr\u00e9sors qui vivent dans mes poches\u00bb\",\"breadcrumb\":{\"@id\":\"https:\/\/www.lapurla.ch\/fr\/event\/ces-tresors-qui-vivent-dans-mes-poches#breadcrumb\"},\"inLanguage\":\"fr-FR\",\"potentialAction\":[{\"@type\":\"ReadAction\",\"target\":[\"https:\/\/www.lapurla.ch\/fr\/event\/ces-tresors-qui-vivent-dans-mes-poches\"]}]},{\"@type\":\"ImageObject\",\"inLanguage\":\"fr-FR\",\"@id\":\"https:\/\/www.lapurla.ch\/fr\/event\/ces-tresors-qui-vivent-dans-mes-poches#primaryimage\",\"url\":\"https:\/\/www.lapurla.ch\/wp-content\/uploads\/2026\/03\/Mutin.esLausanne.jpg\",\"contentUrl\":\"https:\/\/www.lapurla.ch\/wp-content\/uploads\/2026\/03\/Mutin.esLausanne.jpg\",\"width\":1220,\"height\":770,\"caption\":\"Screenshot\"},{\"@type\":\"BreadcrumbList\",\"@id\":\"https:\/\/www.lapurla.ch\/fr\/event\/ces-tresors-qui-vivent-dans-mes-poches#breadcrumb\",\"itemListElement\":[{\"@type\":\"ListItem\",\"position\":1,\"name\":\"Startseite\",\"item\":\"https:\/\/www.lapurla.ch\/fr\"},{\"@type\":\"ListItem\",\"position\":2,\"name\":\"Events\",\"item\":\"https:\/\/www.lapurla.ch\/event\"},{\"@type\":\"ListItem\",\"position\":3,\"name\":\"\u00abCes tr\u00e9sors qui vivent dans mes poches\u00bb\"}]},{\"@type\":\"WebSite\",\"@id\":\"https:\/\/www.lapurla.ch\/#website\",\"url\":\"https:\/\/www.lapurla.ch\/\",\"name\":\"Lapurla\",\"description\":\"\",\"publisher\":{\"@id\":\"https:\/\/www.lapurla.ch\/#organization\"},\"potentialAction\":[{\"@type\":\"SearchAction\",\"target\":{\"@type\":\"EntryPoint\",\"urlTemplate\":\"https:\/\/www.lapurla.ch\/?s={search_term_string}\"},\"query-input\":{\"@type\":\"PropertyValueSpecification\",\"valueRequired\":true,\"valueName\":\"search_term_string\"}}],\"inLanguage\":\"fr-FR\"},{\"@type\":\"Organization\",\"@id\":\"https:\/\/www.lapurla.ch\/#organization\",\"name\":\"Lapurla\",\"url\":\"https:\/\/www.lapurla.ch\/\",\"logo\":{\"@type\":\"ImageObject\",\"inLanguage\":\"fr-FR\",\"@id\":\"https:\/\/www.lapurla.ch\/#\/schema\/logo\/image\/\",\"url\":\"https:\/\/www.lapurla.ch\/wp-content\/uploads\/2022\/03\/cropped-favicon.png\",\"contentUrl\":\"https:\/\/www.lapurla.ch\/wp-content\/uploads\/2022\/03\/cropped-favicon.png\",\"width\":512,\"height\":512,\"caption\":\"Lapurla\"},\"image\":{\"@id\":\"https:\/\/www.lapurla.ch\/#\/schema\/logo\/image\/\"}}]}<\/script>\n<!-- \/ Yoast SEO plugin. -->","yoast_head_json":{"title":"\u00abCes tr\u00e9sors qui vivent dans mes poches\u00bb &#8211; Lapurla","description":"\u00abCes tr\u00e9sors qui vivent dans mes poches\u00bb","robots":{"index":"index","follow":"follow","max-snippet":"max-snippet:-1","max-image-preview":"max-image-preview:large","max-video-preview":"max-video-preview:-1"},"canonical":"https:\/\/www.lapurla.ch\/fr\/event\/ces-tresors-qui-vivent-dans-mes-poches","og_locale":"fr_FR","og_type":"article","og_title":"\u00abCes tr\u00e9sors qui vivent dans mes poches\u00bb &#8211; Lapurla","og_description":"\u00abCes tr\u00e9sors qui vivent dans mes poches\u00bb","og_url":"https:\/\/www.lapurla.ch\/fr\/event\/ces-tresors-qui-vivent-dans-mes-poches","og_site_name":"Lapurla","article_modified_time":"2026-03-10T09:18:07+00:00","og_image":[{"width":1220,"height":770,"url":"https:\/\/www.lapurla.ch\/wp-content\/uploads\/2026\/03\/Mutin.esLausanne.jpg","type":"image\/jpeg"}],"twitter_card":"summary_large_image","twitter_misc":{"Dur\u00e9e de lecture estim\u00e9e":"1 minute"},"schema":{"@context":"https:\/\/schema.org","@graph":[{"@type":"WebPage","@id":"https:\/\/www.lapurla.ch\/fr\/event\/ces-tresors-qui-vivent-dans-mes-poches","url":"https:\/\/www.lapurla.ch\/fr\/event\/ces-tresors-qui-vivent-dans-mes-poches","name":"\u00abCes tr\u00e9sors qui vivent dans mes poches\u00bb &#8211; Lapurla","isPartOf":{"@id":"https:\/\/www.lapurla.ch\/#website"},"primaryImageOfPage":{"@id":"https:\/\/www.lapurla.ch\/fr\/event\/ces-tresors-qui-vivent-dans-mes-poches#primaryimage"},"image":{"@id":"https:\/\/www.lapurla.ch\/fr\/event\/ces-tresors-qui-vivent-dans-mes-poches#primaryimage"},"thumbnailUrl":"https:\/\/www.lapurla.ch\/wp-content\/uploads\/2026\/03\/Mutin.esLausanne.jpg","datePublished":"2026-03-10T08:49:28+00:00","dateModified":"2026-03-10T09:18:07+00:00","description":"\u00abCes tr\u00e9sors qui vivent dans mes poches\u00bb","breadcrumb":{"@id":"https:\/\/www.lapurla.ch\/fr\/event\/ces-tresors-qui-vivent-dans-mes-poches#breadcrumb"},"inLanguage":"fr-FR","potentialAction":[{"@type":"ReadAction","target":["https:\/\/www.lapurla.ch\/fr\/event\/ces-tresors-qui-vivent-dans-mes-poches"]}]},{"@type":"ImageObject","inLanguage":"fr-FR","@id":"https:\/\/www.lapurla.ch\/fr\/event\/ces-tresors-qui-vivent-dans-mes-poches#primaryimage","url":"https:\/\/www.lapurla.ch\/wp-content\/uploads\/2026\/03\/Mutin.esLausanne.jpg","contentUrl":"https:\/\/www.lapurla.ch\/wp-content\/uploads\/2026\/03\/Mutin.esLausanne.jpg","width":1220,"height":770,"caption":"Screenshot"},{"@type":"BreadcrumbList","@id":"https:\/\/www.lapurla.ch\/fr\/event\/ces-tresors-qui-vivent-dans-mes-poches#breadcrumb","itemListElement":[{"@type":"ListItem","position":1,"name":"Startseite","item":"https:\/\/www.lapurla.ch\/fr"},{"@type":"ListItem","position":2,"name":"Events","item":"https:\/\/www.lapurla.ch\/event"},{"@type":"ListItem","position":3,"name":"\u00abCes tr\u00e9sors qui vivent dans mes poches\u00bb"}]},{"@type":"WebSite","@id":"https:\/\/www.lapurla.ch\/#website","url":"https:\/\/www.lapurla.ch\/","name":"Lapurla","description":"","publisher":{"@id":"https:\/\/www.lapurla.ch\/#organization"},"potentialAction":[{"@type":"SearchAction","target":{"@type":"EntryPoint","urlTemplate":"https:\/\/www.lapurla.ch\/?s={search_term_string}"},"query-input":{"@type":"PropertyValueSpecification","valueRequired":true,"valueName":"search_term_string"}}],"inLanguage":"fr-FR"},{"@type":"Organization","@id":"https:\/\/www.lapurla.ch\/#organization","name":"Lapurla","url":"https:\/\/www.lapurla.ch\/","logo":{"@type":"ImageObject","inLanguage":"fr-FR","@id":"https:\/\/www.lapurla.ch\/#\/schema\/logo\/image\/","url":"https:\/\/www.lapurla.ch\/wp-content\/uploads\/2022\/03\/cropped-favicon.png","contentUrl":"https:\/\/www.lapurla.ch\/wp-content\/uploads\/2022\/03\/cropped-favicon.png","width":512,"height":512,"caption":"Lapurla"},"image":{"@id":"https:\/\/www.lapurla.ch\/#\/schema\/logo\/image\/"}}]}},"datum":"samedi, 21. mars 2026 | 15:00 h","_links":{"self":[{"href":"https:\/\/www.lapurla.ch\/fr\/wp-json\/wp\/v2\/event\/34404","targetHints":{"allow":["GET"]}}],"collection":[{"href":"https:\/\/www.lapurla.ch\/fr\/wp-json\/wp\/v2\/event"}],"about":[{"href":"https:\/\/www.lapurla.ch\/fr\/wp-json\/wp\/v2\/types\/event"}],"version-history":[{"count":3,"href":"https:\/\/www.lapurla.ch\/fr\/wp-json\/wp\/v2\/event\/34404\/revisions"}],"predecessor-version":[{"id":34413,"href":"https:\/\/www.lapurla.ch\/fr\/wp-json\/wp\/v2\/event\/34404\/revisions\/34413"}],"wp:featuredmedia":[{"embeddable":true,"href":"https:\/\/www.lapurla.ch\/fr\/wp-json\/wp\/v2\/media\/34406"}],"wp:attachment":[{"href":"https:\/\/www.lapurla.ch\/fr\/wp-json\/wp\/v2\/media?parent=34404"}],"wp:term":[{"taxonomy":"kanton","embeddable":true,"href":"https:\/\/www.lapurla.ch\/fr\/wp-json\/wp\/v2\/kanton?post=34404"},{"taxonomy":"event_category","embeddable":true,"href":"https:\/\/www.lapurla.ch\/fr\/wp-json\/wp\/v2\/event_category?post=34404"}],"curies":[{"name":"wp","href":"https:\/\/api.w.org\/{rel}","templated":true}]}}

«Ces trésors qui vivent dans mes poches»

<p><strong>Spectacle participatif pour les tout-petits (6 mois – 4 ans)</strong></p>



<p>Au cœur d’un univers inspiré de la forêt, ce spectacle sensoriel invite les tout-petits à explorer matières organiques, sons et histoires non verbales. À travers le jeu, le mouvement et l’imaginaire, les enfants découvrent un paysage poétique où chaque élément devient une invitation à ressentir et à créer.</p>



<p>La représentation est suivie d’une&nbsp;<strong>improvisation collective</strong>&nbsp;entre enfants et adultes : un moment d’exploration corporelle et sensible des matériaux du spectacle, à vivre ensemble, dans le silence et la créativité.</p>



<p>Une expérience artistique immersive pour les enfants de&nbsp;<strong>6 mois à 4 ans</strong>&nbsp;et leurs accompagnant·e·s.</p>



<figure class="wp-block-image size-large"><img loading="lazy" decoding="async" width="1024" height="646" src="https://www.lapurla.ch/wp-content/uploads/2026/03/Mutin.esLausanne-1-1024x646.jpg" alt="" class="wp-image-34409" srcset="https://www.lapurla.ch/wp-content/uploads/2026/03/Mutin.esLausanne-1-1024x646.jpg 1024w, https://www.lapurla.ch/wp-content/uploads/2026/03/Mutin.esLausanne-1-300x189.jpg 300w, https://www.lapurla.ch/wp-content/uploads/2026/03/Mutin.esLausanne-1-768x485.jpg 768w, https://www.lapurla.ch/wp-content/uploads/2026/03/Mutin.esLausanne-1.jpg 1220w" sizes="auto, (max-width: 1024px) 100vw, 1024px" /><figcaption class="wp-element-caption">Screenshot</figcaption></figure>

<p>Spectacle participatif pour les tout-petits (6 mois – 4 ans) Au cœur d’un univers inspiré de la forêt, ce spectacle sensoriel invite les tout-petits à explorer matières organiques, sons et histoires non verbales. À travers le jeu, le mouvement et l’imaginaire, les enfants découvrent un paysage poétique où chaque élément devient une invitation à ressentir [&hellip;]</p>

Un spectacle sensoriel pour les 6 mois – 4 ans autour de la forêt, des matières et des sons.
Après la représentation, enfants et adultes sont invités à explorer ensemble les matériaux du spectacle lors d’une improvisation collective.

<!-- This site is optimized with the Yoast SEO plugin v27.2 - https://yoast.com/product/yoast-seo-wordpress/ -->
<title>«Ces trésors qui vivent dans mes poches» &#8211; Lapurla</title>
<meta name="description" content="«Ces trésors qui vivent dans mes poches»" />
<meta name="robots" content="index, follow, max-snippet:-1, max-image-preview:large, max-video-preview:-1" />
<link rel="canonical" href="https://www.lapurla.ch/fr/event/ces-tresors-qui-vivent-dans-mes-poches" />
<meta property="og:locale" content="fr_FR" />
<meta property="og:type" content="article" />
<meta property="og:title" content="«Ces trésors qui vivent dans mes poches» &#8211; Lapurla" />
<meta property="og:description" content="«Ces trésors qui vivent dans mes poches»" />
<meta property="og:url" content="https://www.lapurla.ch/fr/event/ces-tresors-qui-vivent-dans-mes-poches" />
<meta property="og:site_name" content="Lapurla" />
<meta property="article:modified_time" content="2026-03-10T09:18:07+00:00" />
<meta property="og:image" content="https://www.lapurla.ch/wp-content/uploads/2026/03/Mutin.esLausanne.jpg" />
	<meta property="og:image:width" content="1220" />
	<meta property="og:image:height" content="770" />
	<meta property="og:image:type" content="image/jpeg" />
<meta name="twitter:card" content="summary_large_image" />
<meta name="twitter:label1" content="Durée de lecture estimée" />
	<meta name="twitter:data1" content="1 minute" />
<script type="application/ld+json" class="yoast-schema-graph">{"@context":"https://schema.org","@graph":[{"@type":"WebPage","@id":"https://www.lapurla.ch/fr/event/ces-tresors-qui-vivent-dans-mes-poches","url":"https://www.lapurla.ch/fr/event/ces-tresors-qui-vivent-dans-mes-poches","name":"«Ces trésors qui vivent dans mes poches» &#8211; Lapurla","isPartOf":{"@id":"https://www.lapurla.ch/#website"},"primaryImageOfPage":{"@id":"https://www.lapurla.ch/fr/event/ces-tresors-qui-vivent-dans-mes-poches#primaryimage"},"image":{"@id":"https://www.lapurla.ch/fr/event/ces-tresors-qui-vivent-dans-mes-poches#primaryimage"},"thumbnailUrl":"https://www.lapurla.ch/wp-content/uploads/2026/03/Mutin.esLausanne.jpg","datePublished":"2026-03-10T08:49:28+00:00","dateModified":"2026-03-10T09:18:07+00:00","description":"«Ces trésors qui vivent dans mes poches»","breadcrumb":{"@id":"https://www.lapurla.ch/fr/event/ces-tresors-qui-vivent-dans-mes-poches#breadcrumb"},"inLanguage":"fr-FR","potentialAction":[{"@type":"ReadAction","target":["https://www.lapurla.ch/fr/event/ces-tresors-qui-vivent-dans-mes-poches"]}]},{"@type":"ImageObject","inLanguage":"fr-FR","@id":"https://www.lapurla.ch/fr/event/ces-tresors-qui-vivent-dans-mes-poches#primaryimage","url":"https://www.lapurla.ch/wp-content/uploads/2026/03/Mutin.esLausanne.jpg","contentUrl":"https://www.lapurla.ch/wp-content/uploads/2026/03/Mutin.esLausanne.jpg","width":1220,"height":770,"caption":"Screenshot"},{"@type":"BreadcrumbList","@id":"https://www.lapurla.ch/fr/event/ces-tresors-qui-vivent-dans-mes-poches#breadcrumb","itemListElement":[{"@type":"ListItem","position":1,"name":"Startseite","item":"https://www.lapurla.ch/fr"},{"@type":"ListItem","position":2,"name":"Events","item":"https://www.lapurla.ch/event"},{"@type":"ListItem","position":3,"name":"«Ces trésors qui vivent dans mes poches»"}]},{"@type":"WebSite","@id":"https://www.lapurla.ch/#website","url":"https://www.lapurla.ch/","name":"Lapurla","description":"","publisher":{"@id":"https://www.lapurla.ch/#organization"},"potentialAction":[{"@type":"SearchAction","target":{"@type":"EntryPoint","urlTemplate":"https://www.lapurla.ch/?s={search_term_string}"},"query-input":{"@type":"PropertyValueSpecification","valueRequired":true,"valueName":"search_term_string"}}],"inLanguage":"fr-FR"},{"@type":"Organization","@id":"https://www.lapurla.ch/#organization","name":"Lapurla","url":"https://www.lapurla.ch/","logo":{"@type":"ImageObject","inLanguage":"fr-FR","@id":"https://www.lapurla.ch/#/schema/logo/image/","url":"https://www.lapurla.ch/wp-content/uploads/2022/03/cropped-favicon.png","contentUrl":"https://www.lapurla.ch/wp-content/uploads/2022/03/cropped-favicon.png","width":512,"height":512,"caption":"Lapurla"},"image":{"@id":"https://www.lapurla.ch/#/schema/logo/image/"}}]}</script>
<!-- / Yoast SEO plugin. -->

«Ces trésors qui vivent dans mes poches» &#8211; Lapurla
