{"id":34370,"date":"2026-03-03T09:57:01","date_gmt":"2026-03-03T08:57:01","guid":{"rendered":"https:\/\/www.lapurla.ch\/event\/save-the-date-6-nationale-tagung-lapurla"},"modified":"2026-03-03T10:14:56","modified_gmt":"2026-03-03T09:14:56","slug":"save-the-date-6e-conference-nationale-lapurla","status":"publish","type":"event","link":"https:\/\/www.lapurla.ch\/fr\/event\/save-the-date-6e-conference-nationale-lapurla","title":{"rendered":"Save the Date \u2013 6e Conf\u00e9rence nationale Lapurla"},"content":{"rendered":"\n<p>La\u00a0<strong>6e Conf\u00e9rence nationale Lapurla<\/strong>\u00a0r\u00e9unit des professionnel\u00b7le\u00b7s, des institutions, des acteur\u00b7rice\u00b7s culturel\u00b7le\u00b7s et des\u00a0personnes engag\u00e9es\u00a0de toute la Suisse.<\/p>\n\n\n\n<p>Ensemble, nous tournons notre regard vers l\u2019avenir :<br>Comment penser plus loin la participation culturelle des enfants et l\u2019ancrer durablement ?<br>Quelles impulsions sont n\u00e9cessaires pour une pratique port\u00e9e par la curiosit\u00e9, l\u2019ouverture et l\u2019exigence de qualit\u00e9 ?<\/p>\n\n\n\n<p>R\u00e9jouissez-vous de :<br>\u2013 contributions et perspectives inspirantes<br>\u2013 \u00e9changes et mise en r\u00e9seau au-del\u00e0 des fronti\u00e8res linguistiques et cantonales<br>\u2013 nouvelles impulsions pour des espaces de libert\u00e9 cr\u00e9ative dans la petite enfance<\/p>\n\n\n\n<p><strong>Le th\u00e8me de la rencontre sera annonc\u00e9 prochainement.<\/strong><\/p>\n\n\n\n<p>R\u00e9servez d\u2019ores et d\u00e9j\u00e0 la date \u2013 nous nous r\u00e9jouissons d\u2019une rencontre conviviale, inspirante et tourn\u00e9e vers l\u2019avenir.<\/p>\n\n\n\n<hr class=\"wp-block-separator has-alpha-channel-opacity\"\/>\n\n\n\n<h3 class=\"wp-block-heading\">Retour sur la 5e Conf\u00e9rence nationale<\/h3>\n\n\n\n<p>Impressions, t\u00e9moignages et moments forts de la derni\u00e8re rencontre :<br><strong><a href=\"https:\/\/www.lapurla.ch\/fr\/news\/dokumentation-5-nationale-tagung-lapurla\">Documentation \u2013 5e Conf\u00e9rence nationale<\/a><\/strong><\/p>\n","protected":false},"excerpt":{"rendered":"<p>La\u00a06e Conf\u00e9rence nationale Lapurla\u00a0r\u00e9unit des professionnel\u00b7le\u00b7s, des institutions, des acteur\u00b7rice\u00b7s culturel\u00b7le\u00b7s et des\u00a0personnes engag\u00e9es\u00a0de toute la Suisse. Ensemble, nous tournons notre regard vers l\u2019avenir :Comment penser plus loin la participation culturelle des enfants et l\u2019ancrer durablement ?Quelles impulsions sont n\u00e9cessaires pour une pratique port\u00e9e par la curiosit\u00e9, l\u2019ouverture et l\u2019exigence de qualit\u00e9 ? R\u00e9jouissez-vous de [&hellip;]<\/p>\n","protected":false},"featured_media":33998,"template":"","meta":{"_acf_changed":false,"latitude":"","longitude":"","kurzbeschreibung":"Ensemble, nous faisons \u00e9voluer la participation culturelle des enfants \u2013 de mani\u00e8re inspirante, connect\u00e9e et tourn\u00e9e vers l\u2019avenir. R\u00e9servez la date d\u00e8s maintenant !","datum_von":"2026-11-27 09:30:00","footnotes":""},"kanton":[143],"event_category":[145],"class_list":["post-34370","event","type-event","status-publish","has-post-thumbnail","hentry","kanton-national-fr","event_category-anlass-fr"],"acf":[],"yoast_head":"<!-- This site is optimized with the Yoast SEO plugin v27.2 - https:\/\/yoast.com\/product\/yoast-seo-wordpress\/ -->\n<title>Save the Date \u2013 6e Conf\u00e9rence nationale Lapurla &#8211; Lapurla<\/title>\n<meta name=\"description\" content=\"Save the Date \u2013 6e Conf\u00e9rence nationale Lapurla\" \/>\n<meta name=\"robots\" content=\"index, follow, max-snippet:-1, max-image-preview:large, max-video-preview:-1\" \/>\n<link rel=\"canonical\" href=\"https:\/\/www.lapurla.ch\/fr\/event\/save-the-date-6e-conference-nationale-lapurla\" \/>\n<meta property=\"og:locale\" content=\"fr_FR\" \/>\n<meta property=\"og:type\" content=\"article\" \/>\n<meta property=\"og:title\" content=\"Save the Date \u2013 6e Conf\u00e9rence nationale Lapurla &#8211; Lapurla\" \/>\n<meta property=\"og:description\" content=\"Save the Date \u2013 6e Conf\u00e9rence nationale Lapurla\" \/>\n<meta property=\"og:url\" content=\"https:\/\/www.lapurla.ch\/fr\/event\/save-the-date-6e-conference-nationale-lapurla\" \/>\n<meta property=\"og:site_name\" content=\"Lapurla\" \/>\n<meta property=\"article:modified_time\" content=\"2026-03-03T09:14:56+00:00\" \/>\n<meta property=\"og:image\" content=\"https:\/\/www.lapurla.ch\/wp-content\/uploads\/2026\/02\/LapurlaIconsNationale-Tagung-6.jpg\" \/>\n\t<meta property=\"og:image:width\" content=\"369\" \/>\n\t<meta property=\"og:image:height\" content=\"255\" \/>\n\t<meta property=\"og:image:type\" content=\"image\/jpeg\" \/>\n<meta name=\"twitter:card\" content=\"summary_large_image\" \/>\n<meta name=\"twitter:label1\" content=\"Dur\u00e9e de lecture estim\u00e9e\" \/>\n\t<meta name=\"twitter:data1\" content=\"1 minute\" \/>\n<script type=\"application\/ld+json\" class=\"yoast-schema-graph\">{\"@context\":\"https:\/\/schema.org\",\"@graph\":[{\"@type\":\"WebPage\",\"@id\":\"https:\/\/www.lapurla.ch\/fr\/event\/save-the-date-6e-conference-nationale-lapurla\",\"url\":\"https:\/\/www.lapurla.ch\/fr\/event\/save-the-date-6e-conference-nationale-lapurla\",\"name\":\"Save the Date \u2013 6e Conf\u00e9rence nationale Lapurla &#8211; Lapurla\",\"isPartOf\":{\"@id\":\"https:\/\/www.lapurla.ch\/#website\"},\"primaryImageOfPage\":{\"@id\":\"https:\/\/www.lapurla.ch\/fr\/event\/save-the-date-6e-conference-nationale-lapurla#primaryimage\"},\"image\":{\"@id\":\"https:\/\/www.lapurla.ch\/fr\/event\/save-the-date-6e-conference-nationale-lapurla#primaryimage\"},\"thumbnailUrl\":\"https:\/\/www.lapurla.ch\/wp-content\/uploads\/2026\/02\/LapurlaIconsNationale-Tagung-6.jpg\",\"datePublished\":\"2026-03-03T08:57:01+00:00\",\"dateModified\":\"2026-03-03T09:14:56+00:00\",\"description\":\"Save the Date \u2013 6e Conf\u00e9rence nationale Lapurla\",\"breadcrumb\":{\"@id\":\"https:\/\/www.lapurla.ch\/fr\/event\/save-the-date-6e-conference-nationale-lapurla#breadcrumb\"},\"inLanguage\":\"fr-FR\",\"potentialAction\":[{\"@type\":\"ReadAction\",\"target\":[\"https:\/\/www.lapurla.ch\/fr\/event\/save-the-date-6e-conference-nationale-lapurla\"]}]},{\"@type\":\"ImageObject\",\"inLanguage\":\"fr-FR\",\"@id\":\"https:\/\/www.lapurla.ch\/fr\/event\/save-the-date-6e-conference-nationale-lapurla#primaryimage\",\"url\":\"https:\/\/www.lapurla.ch\/wp-content\/uploads\/2026\/02\/LapurlaIconsNationale-Tagung-6.jpg\",\"contentUrl\":\"https:\/\/www.lapurla.ch\/wp-content\/uploads\/2026\/02\/LapurlaIconsNationale-Tagung-6.jpg\",\"width\":369,\"height\":255},{\"@type\":\"BreadcrumbList\",\"@id\":\"https:\/\/www.lapurla.ch\/fr\/event\/save-the-date-6e-conference-nationale-lapurla#breadcrumb\",\"itemListElement\":[{\"@type\":\"ListItem\",\"position\":1,\"name\":\"Startseite\",\"item\":\"https:\/\/www.lapurla.ch\/fr\"},{\"@type\":\"ListItem\",\"position\":2,\"name\":\"Events\",\"item\":\"https:\/\/www.lapurla.ch\/event\"},{\"@type\":\"ListItem\",\"position\":3,\"name\":\"Save the Date \u2013 6e Conf\u00e9rence nationale Lapurla\"}]},{\"@type\":\"WebSite\",\"@id\":\"https:\/\/www.lapurla.ch\/#website\",\"url\":\"https:\/\/www.lapurla.ch\/\",\"name\":\"Lapurla\",\"description\":\"\",\"publisher\":{\"@id\":\"https:\/\/www.lapurla.ch\/#organization\"},\"potentialAction\":[{\"@type\":\"SearchAction\",\"target\":{\"@type\":\"EntryPoint\",\"urlTemplate\":\"https:\/\/www.lapurla.ch\/?s={search_term_string}\"},\"query-input\":{\"@type\":\"PropertyValueSpecification\",\"valueRequired\":true,\"valueName\":\"search_term_string\"}}],\"inLanguage\":\"fr-FR\"},{\"@type\":\"Organization\",\"@id\":\"https:\/\/www.lapurla.ch\/#organization\",\"name\":\"Lapurla\",\"url\":\"https:\/\/www.lapurla.ch\/\",\"logo\":{\"@type\":\"ImageObject\",\"inLanguage\":\"fr-FR\",\"@id\":\"https:\/\/www.lapurla.ch\/#\/schema\/logo\/image\/\",\"url\":\"https:\/\/www.lapurla.ch\/wp-content\/uploads\/2022\/03\/cropped-favicon.png\",\"contentUrl\":\"https:\/\/www.lapurla.ch\/wp-content\/uploads\/2022\/03\/cropped-favicon.png\",\"width\":512,\"height\":512,\"caption\":\"Lapurla\"},\"image\":{\"@id\":\"https:\/\/www.lapurla.ch\/#\/schema\/logo\/image\/\"}}]}<\/script>\n<!-- \/ Yoast SEO plugin. -->","yoast_head_json":{"title":"Save the Date \u2013 6e Conf\u00e9rence nationale Lapurla &#8211; Lapurla","description":"Save the Date \u2013 6e Conf\u00e9rence nationale Lapurla","robots":{"index":"index","follow":"follow","max-snippet":"max-snippet:-1","max-image-preview":"max-image-preview:large","max-video-preview":"max-video-preview:-1"},"canonical":"https:\/\/www.lapurla.ch\/fr\/event\/save-the-date-6e-conference-nationale-lapurla","og_locale":"fr_FR","og_type":"article","og_title":"Save the Date \u2013 6e Conf\u00e9rence nationale Lapurla &#8211; Lapurla","og_description":"Save the Date \u2013 6e Conf\u00e9rence nationale Lapurla","og_url":"https:\/\/www.lapurla.ch\/fr\/event\/save-the-date-6e-conference-nationale-lapurla","og_site_name":"Lapurla","article_modified_time":"2026-03-03T09:14:56+00:00","og_image":[{"width":369,"height":255,"url":"https:\/\/www.lapurla.ch\/wp-content\/uploads\/2026\/02\/LapurlaIconsNationale-Tagung-6.jpg","type":"image\/jpeg"}],"twitter_card":"summary_large_image","twitter_misc":{"Dur\u00e9e de lecture estim\u00e9e":"1 minute"},"schema":{"@context":"https:\/\/schema.org","@graph":[{"@type":"WebPage","@id":"https:\/\/www.lapurla.ch\/fr\/event\/save-the-date-6e-conference-nationale-lapurla","url":"https:\/\/www.lapurla.ch\/fr\/event\/save-the-date-6e-conference-nationale-lapurla","name":"Save the Date \u2013 6e Conf\u00e9rence nationale Lapurla &#8211; Lapurla","isPartOf":{"@id":"https:\/\/www.lapurla.ch\/#website"},"primaryImageOfPage":{"@id":"https:\/\/www.lapurla.ch\/fr\/event\/save-the-date-6e-conference-nationale-lapurla#primaryimage"},"image":{"@id":"https:\/\/www.lapurla.ch\/fr\/event\/save-the-date-6e-conference-nationale-lapurla#primaryimage"},"thumbnailUrl":"https:\/\/www.lapurla.ch\/wp-content\/uploads\/2026\/02\/LapurlaIconsNationale-Tagung-6.jpg","datePublished":"2026-03-03T08:57:01+00:00","dateModified":"2026-03-03T09:14:56+00:00","description":"Save the Date \u2013 6e Conf\u00e9rence nationale Lapurla","breadcrumb":{"@id":"https:\/\/www.lapurla.ch\/fr\/event\/save-the-date-6e-conference-nationale-lapurla#breadcrumb"},"inLanguage":"fr-FR","potentialAction":[{"@type":"ReadAction","target":["https:\/\/www.lapurla.ch\/fr\/event\/save-the-date-6e-conference-nationale-lapurla"]}]},{"@type":"ImageObject","inLanguage":"fr-FR","@id":"https:\/\/www.lapurla.ch\/fr\/event\/save-the-date-6e-conference-nationale-lapurla#primaryimage","url":"https:\/\/www.lapurla.ch\/wp-content\/uploads\/2026\/02\/LapurlaIconsNationale-Tagung-6.jpg","contentUrl":"https:\/\/www.lapurla.ch\/wp-content\/uploads\/2026\/02\/LapurlaIconsNationale-Tagung-6.jpg","width":369,"height":255},{"@type":"BreadcrumbList","@id":"https:\/\/www.lapurla.ch\/fr\/event\/save-the-date-6e-conference-nationale-lapurla#breadcrumb","itemListElement":[{"@type":"ListItem","position":1,"name":"Startseite","item":"https:\/\/www.lapurla.ch\/fr"},{"@type":"ListItem","position":2,"name":"Events","item":"https:\/\/www.lapurla.ch\/event"},{"@type":"ListItem","position":3,"name":"Save the Date \u2013 6e Conf\u00e9rence nationale Lapurla"}]},{"@type":"WebSite","@id":"https:\/\/www.lapurla.ch\/#website","url":"https:\/\/www.lapurla.ch\/","name":"Lapurla","description":"","publisher":{"@id":"https:\/\/www.lapurla.ch\/#organization"},"potentialAction":[{"@type":"SearchAction","target":{"@type":"EntryPoint","urlTemplate":"https:\/\/www.lapurla.ch\/?s={search_term_string}"},"query-input":{"@type":"PropertyValueSpecification","valueRequired":true,"valueName":"search_term_string"}}],"inLanguage":"fr-FR"},{"@type":"Organization","@id":"https:\/\/www.lapurla.ch\/#organization","name":"Lapurla","url":"https:\/\/www.lapurla.ch\/","logo":{"@type":"ImageObject","inLanguage":"fr-FR","@id":"https:\/\/www.lapurla.ch\/#\/schema\/logo\/image\/","url":"https:\/\/www.lapurla.ch\/wp-content\/uploads\/2022\/03\/cropped-favicon.png","contentUrl":"https:\/\/www.lapurla.ch\/wp-content\/uploads\/2022\/03\/cropped-favicon.png","width":512,"height":512,"caption":"Lapurla"},"image":{"@id":"https:\/\/www.lapurla.ch\/#\/schema\/logo\/image\/"}}]}},"datum":"vendredi, 27. novembre 2026 | 09:30 h","_links":{"self":[{"href":"https:\/\/www.lapurla.ch\/fr\/wp-json\/wp\/v2\/event\/34370","targetHints":{"allow":["GET"]}}],"collection":[{"href":"https:\/\/www.lapurla.ch\/fr\/wp-json\/wp\/v2\/event"}],"about":[{"href":"https:\/\/www.lapurla.ch\/fr\/wp-json\/wp\/v2\/types\/event"}],"version-history":[{"count":2,"href":"https:\/\/www.lapurla.ch\/fr\/wp-json\/wp\/v2\/event\/34370\/revisions"}],"predecessor-version":[{"id":34377,"href":"https:\/\/www.lapurla.ch\/fr\/wp-json\/wp\/v2\/event\/34370\/revisions\/34377"}],"wp:featuredmedia":[{"embeddable":true,"href":"https:\/\/www.lapurla.ch\/fr\/wp-json\/wp\/v2\/media\/33998"}],"wp:attachment":[{"href":"https:\/\/www.lapurla.ch\/fr\/wp-json\/wp\/v2\/media?parent=34370"}],"wp:term":[{"taxonomy":"kanton","embeddable":true,"href":"https:\/\/www.lapurla.ch\/fr\/wp-json\/wp\/v2\/kanton?post=34370"},{"taxonomy":"event_category","embeddable":true,"href":"https:\/\/www.lapurla.ch\/fr\/wp-json\/wp\/v2\/event_category?post=34370"}],"curies":[{"name":"wp","href":"https:\/\/api.w.org\/{rel}","templated":true}]}}

Save the Date – 6e Conférence nationale Lapurla

<p>La <strong>6e Conférence nationale Lapurla</strong> réunit des professionnel·le·s, des institutions, des acteur·rice·s culturel·le·s et des personnes engagées de toute la Suisse.</p>



<p>Ensemble, nous tournons notre regard vers l’avenir :<br>Comment penser plus loin la participation culturelle des enfants et l’ancrer durablement ?<br>Quelles impulsions sont nécessaires pour une pratique portée par la curiosité, l’ouverture et l’exigence de qualité ?</p>



<p>Réjouissez-vous de :<br>– contributions et perspectives inspirantes<br>– échanges et mise en réseau au-delà des frontières linguistiques et cantonales<br>– nouvelles impulsions pour des espaces de liberté créative dans la petite enfance</p>



<p><strong>Le thème de la rencontre sera annoncé prochainement.</strong></p>



<p>Réservez d’ores et déjà la date – nous nous réjouissons d’une rencontre conviviale, inspirante et tournée vers l’avenir.</p>



<hr class="wp-block-separator has-alpha-channel-opacity"/>



<h3 class="wp-block-heading">Retour sur la 5e Conférence nationale</h3>



<p>Impressions, témoignages et moments forts de la dernière rencontre :<br><strong><a href="https://www.lapurla.ch/fr/news/dokumentation-5-nationale-tagung-lapurla">Documentation – 5e Conférence nationale</a></strong></p>

<p>La 6e Conférence nationale Lapurla réunit des professionnel·le·s, des institutions, des acteur·rice·s culturel·le·s et des personnes engagées de toute la Suisse. Ensemble, nous tournons notre regard vers l’avenir :Comment penser plus loin la participation culturelle des enfants et l’ancrer durablement ?Quelles impulsions sont nécessaires pour une pratique portée par la curiosité, l’ouverture et l’exigence de qualité ? Réjouissez-vous de [&hellip;]</p>

Ensemble, nous faisons évoluer la participation culturelle des enfants – de manière inspirante, connectée et tournée vers l’avenir. Réservez la date dès maintenant !

<!-- This site is optimized with the Yoast SEO plugin v27.2 - https://yoast.com/product/yoast-seo-wordpress/ -->
<title>Save the Date – 6e Conférence nationale Lapurla &#8211; Lapurla</title>
<meta name="description" content="Save the Date – 6e Conférence nationale Lapurla" />
<meta name="robots" content="index, follow, max-snippet:-1, max-image-preview:large, max-video-preview:-1" />
<link rel="canonical" href="https://www.lapurla.ch/fr/event/save-the-date-6e-conference-nationale-lapurla" />
<meta property="og:locale" content="fr_FR" />
<meta property="og:type" content="article" />
<meta property="og:title" content="Save the Date – 6e Conférence nationale Lapurla &#8211; Lapurla" />
<meta property="og:description" content="Save the Date – 6e Conférence nationale Lapurla" />
<meta property="og:url" content="https://www.lapurla.ch/fr/event/save-the-date-6e-conference-nationale-lapurla" />
<meta property="og:site_name" content="Lapurla" />
<meta property="article:modified_time" content="2026-03-03T09:14:56+00:00" />
<meta property="og:image" content="https://www.lapurla.ch/wp-content/uploads/2026/02/LapurlaIconsNationale-Tagung-6.jpg" />
	<meta property="og:image:width" content="369" />
	<meta property="og:image:height" content="255" />
	<meta property="og:image:type" content="image/jpeg" />
<meta name="twitter:card" content="summary_large_image" />
<meta name="twitter:label1" content="Durée de lecture estimée" />
	<meta name="twitter:data1" content="1 minute" />
<script type="application/ld+json" class="yoast-schema-graph">{"@context":"https://schema.org","@graph":[{"@type":"WebPage","@id":"https://www.lapurla.ch/fr/event/save-the-date-6e-conference-nationale-lapurla","url":"https://www.lapurla.ch/fr/event/save-the-date-6e-conference-nationale-lapurla","name":"Save the Date – 6e Conférence nationale Lapurla &#8211; Lapurla","isPartOf":{"@id":"https://www.lapurla.ch/#website"},"primaryImageOfPage":{"@id":"https://www.lapurla.ch/fr/event/save-the-date-6e-conference-nationale-lapurla#primaryimage"},"image":{"@id":"https://www.lapurla.ch/fr/event/save-the-date-6e-conference-nationale-lapurla#primaryimage"},"thumbnailUrl":"https://www.lapurla.ch/wp-content/uploads/2026/02/LapurlaIconsNationale-Tagung-6.jpg","datePublished":"2026-03-03T08:57:01+00:00","dateModified":"2026-03-03T09:14:56+00:00","description":"Save the Date – 6e Conférence nationale Lapurla","breadcrumb":{"@id":"https://www.lapurla.ch/fr/event/save-the-date-6e-conference-nationale-lapurla#breadcrumb"},"inLanguage":"fr-FR","potentialAction":[{"@type":"ReadAction","target":["https://www.lapurla.ch/fr/event/save-the-date-6e-conference-nationale-lapurla"]}]},{"@type":"ImageObject","inLanguage":"fr-FR","@id":"https://www.lapurla.ch/fr/event/save-the-date-6e-conference-nationale-lapurla#primaryimage","url":"https://www.lapurla.ch/wp-content/uploads/2026/02/LapurlaIconsNationale-Tagung-6.jpg","contentUrl":"https://www.lapurla.ch/wp-content/uploads/2026/02/LapurlaIconsNationale-Tagung-6.jpg","width":369,"height":255},{"@type":"BreadcrumbList","@id":"https://www.lapurla.ch/fr/event/save-the-date-6e-conference-nationale-lapurla#breadcrumb","itemListElement":[{"@type":"ListItem","position":1,"name":"Startseite","item":"https://www.lapurla.ch/fr"},{"@type":"ListItem","position":2,"name":"Events","item":"https://www.lapurla.ch/event"},{"@type":"ListItem","position":3,"name":"Save the Date – 6e Conférence nationale Lapurla"}]},{"@type":"WebSite","@id":"https://www.lapurla.ch/#website","url":"https://www.lapurla.ch/","name":"Lapurla","description":"","publisher":{"@id":"https://www.lapurla.ch/#organization"},"potentialAction":[{"@type":"SearchAction","target":{"@type":"EntryPoint","urlTemplate":"https://www.lapurla.ch/?s={search_term_string}"},"query-input":{"@type":"PropertyValueSpecification","valueRequired":true,"valueName":"search_term_string"}}],"inLanguage":"fr-FR"},{"@type":"Organization","@id":"https://www.lapurla.ch/#organization","name":"Lapurla","url":"https://www.lapurla.ch/","logo":{"@type":"ImageObject","inLanguage":"fr-FR","@id":"https://www.lapurla.ch/#/schema/logo/image/","url":"https://www.lapurla.ch/wp-content/uploads/2022/03/cropped-favicon.png","contentUrl":"https://www.lapurla.ch/wp-content/uploads/2022/03/cropped-favicon.png","width":512,"height":512,"caption":"Lapurla"},"image":{"@id":"https://www.lapurla.ch/#/schema/logo/image/"}}]}</script>
<!-- / Yoast SEO plugin. -->

Save the Date – 6e Conférence nationale Lapurla &#8211; Lapurla
