{"id":33516,"date":"2026-01-12T16:00:37","date_gmt":"2026-01-12T15:00:37","guid":{"rendered":"https:\/\/www.lapurla.ch\/event\/infoveranstaltung-cas-kulturelle-bildung-13-lehrgang-2026-27-2"},"modified":"2026-01-15T15:31:43","modified_gmt":"2026-01-15T14:31:43","slug":"infoveranstaltung-cas-kulturelle-bildung-13-lehrgang-2026-27-2","status":"publish","type":"event","link":"https:\/\/www.lapurla.ch\/fr\/event\/infoveranstaltung-cas-kulturelle-bildung-13-lehrgang-2026-27-2","title":{"rendered":"Infoveranstaltung CAS Kulturelle Bildung, 13. Lehrgang 2026\/27"},"content":{"rendered":"\n<p>Im CAS Kulturelle Bildung erarbeitest du dir berufsbegleitend die kulturp\u00e4dagogische Qualifikation f\u00fcr deine Arbeit im Fr\u00fchbereich oder die p\u00e4dagogische Qualifikation f\u00fcr deine Arbeit im kulturellen Bereich. Durch das Reflektieren der eigenen kreativen Prozesse lernst du, wie du \u00e4sthetische Erfahrungen von Kindern durch die K\u00fcnste anregen und begleiten kannst. Du erlebst, wie kreative Lernprozesse die Sprachentwicklung, die Selbstwirksamkeit und psychische Gesundheit unterst\u00fctzen und erf\u00e4hrst, wie Kulturelle Teilhabe durch Ko-Konstruktion gelingt.\u00a0<\/p>\n","protected":false},"excerpt":{"rendered":"<p>Im CAS Kulturelle Bildung erarbeitest du dir berufsbegleitend die kulturp\u00e4dagogische Qualifikation f\u00fcr deine Arbeit im Fr\u00fchbereich oder die p\u00e4dagogische Qualifikation f\u00fcr deine Arbeit im kulturellen Bereich. Durch das Reflektieren der eigenen kreativen Prozesse lernst du, wie du \u00e4sthetische Erfahrungen von Kindern durch die K\u00fcnste anregen und begleiten kannst. Du erlebst, wie kreative Lernprozesse die Sprachentwicklung, [&hellip;]<\/p>\n","protected":false},"featured_media":33094,"template":"","meta":{"_acf_changed":false,"latitude":"","longitude":"","kurzbeschreibung":"Sichere dir einen der raren Weiterbildungspl\u00e4tze! Nicht verpassen:\r\nDie Infoveranstaltung zum CAS Kulturelle Bildung gibt Einblick in die Weiterbildung und du lernst die Studiengangsleiterin und potenzielle Mitstudierende kennen. Erfahre hier mehr dazu!","datum_von":"2026-01-29 18:30:00","footnotes":""},"kanton":[105],"event_category":[145],"class_list":["post-33516","event","type-event","status-publish","has-post-thumbnail","hentry","kanton-bern-fr","event_category-anlass-fr"],"acf":[],"yoast_head":"<!-- This site is optimized with the Yoast SEO plugin v27.2 - https:\/\/yoast.com\/product\/yoast-seo-wordpress\/ -->\n<title>Infoveranstaltung CAS Kulturelle Bildung, 13. Lehrgang 2026\/27 &#8211; Lapurla<\/title>\n<meta name=\"description\" content=\"Infoveranstaltung CAS Kulturelle Bildung, 13. Lehrgang 2026\/27\" \/>\n<meta name=\"robots\" content=\"index, follow, max-snippet:-1, max-image-preview:large, max-video-preview:-1\" \/>\n<link rel=\"canonical\" href=\"https:\/\/www.lapurla.ch\/fr\/event\/infoveranstaltung-cas-kulturelle-bildung-13-lehrgang-2026-27-2\" \/>\n<meta property=\"og:locale\" content=\"fr_FR\" \/>\n<meta property=\"og:type\" content=\"article\" \/>\n<meta property=\"og:title\" content=\"Infoveranstaltung CAS Kulturelle Bildung, 13. Lehrgang 2026\/27 &#8211; Lapurla\" \/>\n<meta property=\"og:description\" content=\"Infoveranstaltung CAS Kulturelle Bildung, 13. Lehrgang 2026\/27\" \/>\n<meta property=\"og:url\" content=\"https:\/\/www.lapurla.ch\/fr\/event\/infoveranstaltung-cas-kulturelle-bildung-13-lehrgang-2026-27-2\" \/>\n<meta property=\"og:site_name\" content=\"Lapurla\" \/>\n<meta property=\"article:modified_time\" content=\"2026-01-15T14:31:43+00:00\" \/>\n<meta property=\"og:image\" content=\"https:\/\/www.lapurla.ch\/wp-content\/uploads\/2026\/01\/CASKulturelleBildunghoch.jpg\" \/>\n\t<meta property=\"og:image:width\" content=\"1536\" \/>\n\t<meta property=\"og:image:height\" content=\"1920\" \/>\n\t<meta property=\"og:image:type\" content=\"image\/jpeg\" \/>\n<meta name=\"twitter:card\" content=\"summary_large_image\" \/>\n<meta name=\"twitter:label1\" content=\"Dur\u00e9e de lecture estim\u00e9e\" \/>\n\t<meta name=\"twitter:data1\" content=\"1 minute\" \/>\n<script type=\"application\/ld+json\" class=\"yoast-schema-graph\">{\"@context\":\"https:\/\/schema.org\",\"@graph\":[{\"@type\":\"WebPage\",\"@id\":\"https:\/\/www.lapurla.ch\/fr\/event\/infoveranstaltung-cas-kulturelle-bildung-13-lehrgang-2026-27-2\",\"url\":\"https:\/\/www.lapurla.ch\/fr\/event\/infoveranstaltung-cas-kulturelle-bildung-13-lehrgang-2026-27-2\",\"name\":\"Infoveranstaltung CAS Kulturelle Bildung, 13. Lehrgang 2026\/27 &#8211; Lapurla\",\"isPartOf\":{\"@id\":\"https:\/\/www.lapurla.ch\/#website\"},\"primaryImageOfPage\":{\"@id\":\"https:\/\/www.lapurla.ch\/fr\/event\/infoveranstaltung-cas-kulturelle-bildung-13-lehrgang-2026-27-2#primaryimage\"},\"image\":{\"@id\":\"https:\/\/www.lapurla.ch\/fr\/event\/infoveranstaltung-cas-kulturelle-bildung-13-lehrgang-2026-27-2#primaryimage\"},\"thumbnailUrl\":\"https:\/\/www.lapurla.ch\/wp-content\/uploads\/2026\/01\/CASKulturelleBildunghoch.jpg\",\"datePublished\":\"2026-01-12T15:00:37+00:00\",\"dateModified\":\"2026-01-15T14:31:43+00:00\",\"description\":\"Infoveranstaltung CAS Kulturelle Bildung, 13. Lehrgang 2026\/27\",\"breadcrumb\":{\"@id\":\"https:\/\/www.lapurla.ch\/fr\/event\/infoveranstaltung-cas-kulturelle-bildung-13-lehrgang-2026-27-2#breadcrumb\"},\"inLanguage\":\"fr-FR\",\"potentialAction\":[{\"@type\":\"ReadAction\",\"target\":[\"https:\/\/www.lapurla.ch\/fr\/event\/infoveranstaltung-cas-kulturelle-bildung-13-lehrgang-2026-27-2\"]}]},{\"@type\":\"ImageObject\",\"inLanguage\":\"fr-FR\",\"@id\":\"https:\/\/www.lapurla.ch\/fr\/event\/infoveranstaltung-cas-kulturelle-bildung-13-lehrgang-2026-27-2#primaryimage\",\"url\":\"https:\/\/www.lapurla.ch\/wp-content\/uploads\/2026\/01\/CASKulturelleBildunghoch.jpg\",\"contentUrl\":\"https:\/\/www.lapurla.ch\/wp-content\/uploads\/2026\/01\/CASKulturelleBildunghoch.jpg\",\"width\":1536,\"height\":1920},{\"@type\":\"BreadcrumbList\",\"@id\":\"https:\/\/www.lapurla.ch\/fr\/event\/infoveranstaltung-cas-kulturelle-bildung-13-lehrgang-2026-27-2#breadcrumb\",\"itemListElement\":[{\"@type\":\"ListItem\",\"position\":1,\"name\":\"Startseite\",\"item\":\"https:\/\/www.lapurla.ch\/fr\"},{\"@type\":\"ListItem\",\"position\":2,\"name\":\"Events\",\"item\":\"https:\/\/www.lapurla.ch\/event\"},{\"@type\":\"ListItem\",\"position\":3,\"name\":\"Infoveranstaltung CAS Kulturelle Bildung, 13. Lehrgang 2026\/27\"}]},{\"@type\":\"WebSite\",\"@id\":\"https:\/\/www.lapurla.ch\/#website\",\"url\":\"https:\/\/www.lapurla.ch\/\",\"name\":\"Lapurla\",\"description\":\"\",\"publisher\":{\"@id\":\"https:\/\/www.lapurla.ch\/#organization\"},\"potentialAction\":[{\"@type\":\"SearchAction\",\"target\":{\"@type\":\"EntryPoint\",\"urlTemplate\":\"https:\/\/www.lapurla.ch\/?s={search_term_string}\"},\"query-input\":{\"@type\":\"PropertyValueSpecification\",\"valueRequired\":true,\"valueName\":\"search_term_string\"}}],\"inLanguage\":\"fr-FR\"},{\"@type\":\"Organization\",\"@id\":\"https:\/\/www.lapurla.ch\/#organization\",\"name\":\"Lapurla\",\"url\":\"https:\/\/www.lapurla.ch\/\",\"logo\":{\"@type\":\"ImageObject\",\"inLanguage\":\"fr-FR\",\"@id\":\"https:\/\/www.lapurla.ch\/#\/schema\/logo\/image\/\",\"url\":\"https:\/\/www.lapurla.ch\/wp-content\/uploads\/2022\/03\/cropped-favicon.png\",\"contentUrl\":\"https:\/\/www.lapurla.ch\/wp-content\/uploads\/2022\/03\/cropped-favicon.png\",\"width\":512,\"height\":512,\"caption\":\"Lapurla\"},\"image\":{\"@id\":\"https:\/\/www.lapurla.ch\/#\/schema\/logo\/image\/\"}}]}<\/script>\n<!-- \/ Yoast SEO plugin. -->","yoast_head_json":{"title":"Infoveranstaltung CAS Kulturelle Bildung, 13. Lehrgang 2026\/27 &#8211; Lapurla","description":"Infoveranstaltung CAS Kulturelle Bildung, 13. Lehrgang 2026\/27","robots":{"index":"index","follow":"follow","max-snippet":"max-snippet:-1","max-image-preview":"max-image-preview:large","max-video-preview":"max-video-preview:-1"},"canonical":"https:\/\/www.lapurla.ch\/fr\/event\/infoveranstaltung-cas-kulturelle-bildung-13-lehrgang-2026-27-2","og_locale":"fr_FR","og_type":"article","og_title":"Infoveranstaltung CAS Kulturelle Bildung, 13. Lehrgang 2026\/27 &#8211; Lapurla","og_description":"Infoveranstaltung CAS Kulturelle Bildung, 13. Lehrgang 2026\/27","og_url":"https:\/\/www.lapurla.ch\/fr\/event\/infoveranstaltung-cas-kulturelle-bildung-13-lehrgang-2026-27-2","og_site_name":"Lapurla","article_modified_time":"2026-01-15T14:31:43+00:00","og_image":[{"width":1536,"height":1920,"url":"https:\/\/www.lapurla.ch\/wp-content\/uploads\/2026\/01\/CASKulturelleBildunghoch.jpg","type":"image\/jpeg"}],"twitter_card":"summary_large_image","twitter_misc":{"Dur\u00e9e de lecture estim\u00e9e":"1 minute"},"schema":{"@context":"https:\/\/schema.org","@graph":[{"@type":"WebPage","@id":"https:\/\/www.lapurla.ch\/fr\/event\/infoveranstaltung-cas-kulturelle-bildung-13-lehrgang-2026-27-2","url":"https:\/\/www.lapurla.ch\/fr\/event\/infoveranstaltung-cas-kulturelle-bildung-13-lehrgang-2026-27-2","name":"Infoveranstaltung CAS Kulturelle Bildung, 13. Lehrgang 2026\/27 &#8211; Lapurla","isPartOf":{"@id":"https:\/\/www.lapurla.ch\/#website"},"primaryImageOfPage":{"@id":"https:\/\/www.lapurla.ch\/fr\/event\/infoveranstaltung-cas-kulturelle-bildung-13-lehrgang-2026-27-2#primaryimage"},"image":{"@id":"https:\/\/www.lapurla.ch\/fr\/event\/infoveranstaltung-cas-kulturelle-bildung-13-lehrgang-2026-27-2#primaryimage"},"thumbnailUrl":"https:\/\/www.lapurla.ch\/wp-content\/uploads\/2026\/01\/CASKulturelleBildunghoch.jpg","datePublished":"2026-01-12T15:00:37+00:00","dateModified":"2026-01-15T14:31:43+00:00","description":"Infoveranstaltung CAS Kulturelle Bildung, 13. Lehrgang 2026\/27","breadcrumb":{"@id":"https:\/\/www.lapurla.ch\/fr\/event\/infoveranstaltung-cas-kulturelle-bildung-13-lehrgang-2026-27-2#breadcrumb"},"inLanguage":"fr-FR","potentialAction":[{"@type":"ReadAction","target":["https:\/\/www.lapurla.ch\/fr\/event\/infoveranstaltung-cas-kulturelle-bildung-13-lehrgang-2026-27-2"]}]},{"@type":"ImageObject","inLanguage":"fr-FR","@id":"https:\/\/www.lapurla.ch\/fr\/event\/infoveranstaltung-cas-kulturelle-bildung-13-lehrgang-2026-27-2#primaryimage","url":"https:\/\/www.lapurla.ch\/wp-content\/uploads\/2026\/01\/CASKulturelleBildunghoch.jpg","contentUrl":"https:\/\/www.lapurla.ch\/wp-content\/uploads\/2026\/01\/CASKulturelleBildunghoch.jpg","width":1536,"height":1920},{"@type":"BreadcrumbList","@id":"https:\/\/www.lapurla.ch\/fr\/event\/infoveranstaltung-cas-kulturelle-bildung-13-lehrgang-2026-27-2#breadcrumb","itemListElement":[{"@type":"ListItem","position":1,"name":"Startseite","item":"https:\/\/www.lapurla.ch\/fr"},{"@type":"ListItem","position":2,"name":"Events","item":"https:\/\/www.lapurla.ch\/event"},{"@type":"ListItem","position":3,"name":"Infoveranstaltung CAS Kulturelle Bildung, 13. Lehrgang 2026\/27"}]},{"@type":"WebSite","@id":"https:\/\/www.lapurla.ch\/#website","url":"https:\/\/www.lapurla.ch\/","name":"Lapurla","description":"","publisher":{"@id":"https:\/\/www.lapurla.ch\/#organization"},"potentialAction":[{"@type":"SearchAction","target":{"@type":"EntryPoint","urlTemplate":"https:\/\/www.lapurla.ch\/?s={search_term_string}"},"query-input":{"@type":"PropertyValueSpecification","valueRequired":true,"valueName":"search_term_string"}}],"inLanguage":"fr-FR"},{"@type":"Organization","@id":"https:\/\/www.lapurla.ch\/#organization","name":"Lapurla","url":"https:\/\/www.lapurla.ch\/","logo":{"@type":"ImageObject","inLanguage":"fr-FR","@id":"https:\/\/www.lapurla.ch\/#\/schema\/logo\/image\/","url":"https:\/\/www.lapurla.ch\/wp-content\/uploads\/2022\/03\/cropped-favicon.png","contentUrl":"https:\/\/www.lapurla.ch\/wp-content\/uploads\/2022\/03\/cropped-favicon.png","width":512,"height":512,"caption":"Lapurla"},"image":{"@id":"https:\/\/www.lapurla.ch\/#\/schema\/logo\/image\/"}}]}},"datum":"jeudi, 29. janvier 2026 | 18:30 h","_links":{"self":[{"href":"https:\/\/www.lapurla.ch\/fr\/wp-json\/wp\/v2\/event\/33516","targetHints":{"allow":["GET"]}}],"collection":[{"href":"https:\/\/www.lapurla.ch\/fr\/wp-json\/wp\/v2\/event"}],"about":[{"href":"https:\/\/www.lapurla.ch\/fr\/wp-json\/wp\/v2\/types\/event"}],"version-history":[{"count":1,"href":"https:\/\/www.lapurla.ch\/fr\/wp-json\/wp\/v2\/event\/33516\/revisions"}],"predecessor-version":[{"id":33518,"href":"https:\/\/www.lapurla.ch\/fr\/wp-json\/wp\/v2\/event\/33516\/revisions\/33518"}],"wp:featuredmedia":[{"embeddable":true,"href":"https:\/\/www.lapurla.ch\/fr\/wp-json\/wp\/v2\/media\/33094"}],"wp:attachment":[{"href":"https:\/\/www.lapurla.ch\/fr\/wp-json\/wp\/v2\/media?parent=33516"}],"wp:term":[{"taxonomy":"kanton","embeddable":true,"href":"https:\/\/www.lapurla.ch\/fr\/wp-json\/wp\/v2\/kanton?post=33516"},{"taxonomy":"event_category","embeddable":true,"href":"https:\/\/www.lapurla.ch\/fr\/wp-json\/wp\/v2\/event_category?post=33516"}],"curies":[{"name":"wp","href":"https:\/\/api.w.org\/{rel}","templated":true}]}}

<p>Im CAS Kulturelle Bildung erarbeitest du dir berufsbegleitend die kulturpädagogische Qualifikation für deine Arbeit im Frühbereich oder die pädagogische Qualifikation für deine Arbeit im kulturellen Bereich. Durch das Reflektieren der eigenen kreativen Prozesse lernst du, wie du ästhetische Erfahrungen von Kindern durch die Künste anregen und begleiten kannst. Du erlebst, wie kreative Lernprozesse die Sprachentwicklung, die Selbstwirksamkeit und psychische Gesundheit unterstützen und erfährst, wie Kulturelle Teilhabe durch Ko-Konstruktion gelingt. </p>

<p>Im CAS Kulturelle Bildung erarbeitest du dir berufsbegleitend die kulturpädagogische Qualifikation für deine Arbeit im Frühbereich oder die pädagogische Qualifikation für deine Arbeit im kulturellen Bereich. Durch das Reflektieren der eigenen kreativen Prozesse lernst du, wie du ästhetische Erfahrungen von Kindern durch die Künste anregen und begleiten kannst. Du erlebst, wie kreative Lernprozesse die Sprachentwicklung, [&hellip;]</p>

Sichere dir einen der raren Weiterbildungsplätze! Nicht verpassen:
Die Infoveranstaltung zum CAS Kulturelle Bildung gibt Einblick in die Weiterbildung und du lernst die Studiengangsleiterin und potenzielle Mitstudierende kennen. Erfahre hier mehr dazu!

<!-- This site is optimized with the Yoast SEO plugin v27.2 - https://yoast.com/product/yoast-seo-wordpress/ -->
<title>Infoveranstaltung CAS Kulturelle Bildung, 13. Lehrgang 2026/27 &#8211; Lapurla</title>
<meta name="description" content="Infoveranstaltung CAS Kulturelle Bildung, 13. Lehrgang 2026/27" />
<meta name="robots" content="index, follow, max-snippet:-1, max-image-preview:large, max-video-preview:-1" />
<link rel="canonical" href="https://www.lapurla.ch/fr/event/infoveranstaltung-cas-kulturelle-bildung-13-lehrgang-2026-27-2" />
<meta property="og:locale" content="fr_FR" />
<meta property="og:type" content="article" />
<meta property="og:title" content="Infoveranstaltung CAS Kulturelle Bildung, 13. Lehrgang 2026/27 &#8211; Lapurla" />
<meta property="og:description" content="Infoveranstaltung CAS Kulturelle Bildung, 13. Lehrgang 2026/27" />
<meta property="og:url" content="https://www.lapurla.ch/fr/event/infoveranstaltung-cas-kulturelle-bildung-13-lehrgang-2026-27-2" />
<meta property="og:site_name" content="Lapurla" />
<meta property="article:modified_time" content="2026-01-15T14:31:43+00:00" />
<meta property="og:image" content="https://www.lapurla.ch/wp-content/uploads/2026/01/CASKulturelleBildunghoch.jpg" />
	<meta property="og:image:width" content="1536" />
	<meta property="og:image:height" content="1920" />
	<meta property="og:image:type" content="image/jpeg" />
<meta name="twitter:card" content="summary_large_image" />
<meta name="twitter:label1" content="Durée de lecture estimée" />
	<meta name="twitter:data1" content="1 minute" />
<script type="application/ld+json" class="yoast-schema-graph">{"@context":"https://schema.org","@graph":[{"@type":"WebPage","@id":"https://www.lapurla.ch/fr/event/infoveranstaltung-cas-kulturelle-bildung-13-lehrgang-2026-27-2","url":"https://www.lapurla.ch/fr/event/infoveranstaltung-cas-kulturelle-bildung-13-lehrgang-2026-27-2","name":"Infoveranstaltung CAS Kulturelle Bildung, 13. Lehrgang 2026/27 &#8211; Lapurla","isPartOf":{"@id":"https://www.lapurla.ch/#website"},"primaryImageOfPage":{"@id":"https://www.lapurla.ch/fr/event/infoveranstaltung-cas-kulturelle-bildung-13-lehrgang-2026-27-2#primaryimage"},"image":{"@id":"https://www.lapurla.ch/fr/event/infoveranstaltung-cas-kulturelle-bildung-13-lehrgang-2026-27-2#primaryimage"},"thumbnailUrl":"https://www.lapurla.ch/wp-content/uploads/2026/01/CASKulturelleBildunghoch.jpg","datePublished":"2026-01-12T15:00:37+00:00","dateModified":"2026-01-15T14:31:43+00:00","description":"Infoveranstaltung CAS Kulturelle Bildung, 13. Lehrgang 2026/27","breadcrumb":{"@id":"https://www.lapurla.ch/fr/event/infoveranstaltung-cas-kulturelle-bildung-13-lehrgang-2026-27-2#breadcrumb"},"inLanguage":"fr-FR","potentialAction":[{"@type":"ReadAction","target":["https://www.lapurla.ch/fr/event/infoveranstaltung-cas-kulturelle-bildung-13-lehrgang-2026-27-2"]}]},{"@type":"ImageObject","inLanguage":"fr-FR","@id":"https://www.lapurla.ch/fr/event/infoveranstaltung-cas-kulturelle-bildung-13-lehrgang-2026-27-2#primaryimage","url":"https://www.lapurla.ch/wp-content/uploads/2026/01/CASKulturelleBildunghoch.jpg","contentUrl":"https://www.lapurla.ch/wp-content/uploads/2026/01/CASKulturelleBildunghoch.jpg","width":1536,"height":1920},{"@type":"BreadcrumbList","@id":"https://www.lapurla.ch/fr/event/infoveranstaltung-cas-kulturelle-bildung-13-lehrgang-2026-27-2#breadcrumb","itemListElement":[{"@type":"ListItem","position":1,"name":"Startseite","item":"https://www.lapurla.ch/fr"},{"@type":"ListItem","position":2,"name":"Events","item":"https://www.lapurla.ch/event"},{"@type":"ListItem","position":3,"name":"Infoveranstaltung CAS Kulturelle Bildung, 13. Lehrgang 2026/27"}]},{"@type":"WebSite","@id":"https://www.lapurla.ch/#website","url":"https://www.lapurla.ch/","name":"Lapurla","description":"","publisher":{"@id":"https://www.lapurla.ch/#organization"},"potentialAction":[{"@type":"SearchAction","target":{"@type":"EntryPoint","urlTemplate":"https://www.lapurla.ch/?s={search_term_string}"},"query-input":{"@type":"PropertyValueSpecification","valueRequired":true,"valueName":"search_term_string"}}],"inLanguage":"fr-FR"},{"@type":"Organization","@id":"https://www.lapurla.ch/#organization","name":"Lapurla","url":"https://www.lapurla.ch/","logo":{"@type":"ImageObject","inLanguage":"fr-FR","@id":"https://www.lapurla.ch/#/schema/logo/image/","url":"https://www.lapurla.ch/wp-content/uploads/2022/03/cropped-favicon.png","contentUrl":"https://www.lapurla.ch/wp-content/uploads/2022/03/cropped-favicon.png","width":512,"height":512,"caption":"Lapurla"},"image":{"@id":"https://www.lapurla.ch/#/schema/logo/image/"}}]}</script>
<!-- / Yoast SEO plugin. -->
