{"id":25614,"date":"2024-09-16T09:03:02","date_gmt":"2024-09-16T07:03:02","guid":{"rendered":"https:\/\/www.lapurla.ch\/?post_type=event&#038;p=25614"},"modified":"2024-09-16T09:48:10","modified_gmt":"2024-09-16T07:48:10","slug":"des-enfants-creatifs-a-lavenir-egalement-2","status":"publish","type":"event","link":"https:\/\/www.lapurla.ch\/fr\/event\/des-enfants-creatifs-a-lavenir-egalement-2","title":{"rendered":"Des enfants cr\u00e9atifs, \u00e0 l\u2019avenir \u00e9galement!"},"content":{"rendered":"\n<p>Veiller \u00e0 ce que les enfants aient acc\u00e8s \u00e0 la culture et \u00e0 davantage d\u2019espaces de cr\u00e9ation \u00e0 l\u2019avenir \u00e9galement! C\u2019est un cadeau que tu peux offrir aux g\u00e9n\u00e9rations futures.<br><br>R\u00e9diger un testament signifie agir de mani\u00e8re autod\u00e9termin\u00e9e et durable au-del\u00e0 de la fin de sa vie et contribuer \u00e0 un monde plus cr\u00e9atif et plus juste.&nbsp;<\/p>\n\n\n\n<p>Tu as toujours voulu savoir comment r\u00e9diger un testament ? C&rsquo;est l&rsquo;occasion de le faire ! Clarifie les choses et participe au webinaire de&nbsp;<a href=\"https:\/\/lapurla.us3.list-manage.com\/track\/click?u=99ee1e1d88304206d6e48b3bd&amp;id=7cc1e27c38&amp;e=acda540f66\" target=\"_blank\" rel=\"noreferrer noopener\">\u00abDein&nbsp;Adieu\u00bb<\/a>. Comme Lapurla est enregistr\u00e9 sur \u00abDein Adieu\u00bb, vous pouvez participer gratuitement au&nbsp;<strong>webinairs<\/strong>&nbsp;sans engagement :<br><br>Lundi 11&nbsp;novembre 2024 | de 13&nbsp;h&nbsp;15 \u00e0 14&nbsp;h&nbsp;15 | En ligne |&nbsp;<a href=\"https:\/\/lapurla.us3.list-manage.com\/track\/click?u=99ee1e1d88304206d6e48b3bd&amp;id=b661554793&amp;e=acda540f66\" target=\"_blank\" rel=\"noreferrer noopener\">Lien<\/a><\/p>\n\n\n\n<figure class=\"wp-block-image size-full\"><img loading=\"lazy\" decoding=\"async\" width=\"1000\" height=\"563\" src=\"https:\/\/www.lapurla.ch\/wp-content\/uploads\/2024\/09\/LapurlaLegat.png\" alt=\"\" class=\"wp-image-25603\" srcset=\"https:\/\/www.lapurla.ch\/wp-content\/uploads\/2024\/09\/LapurlaLegat.png 1000w, https:\/\/www.lapurla.ch\/wp-content\/uploads\/2024\/09\/LapurlaLegat-300x169.png 300w, https:\/\/www.lapurla.ch\/wp-content\/uploads\/2024\/09\/LapurlaLegat-768x432.png 768w\" sizes=\"auto, (max-width: 1000px) 100vw, 1000px\" \/><\/figure>\n","protected":false},"excerpt":{"rendered":"<p>Veiller \u00e0 ce que les enfants aient acc\u00e8s \u00e0 la culture et \u00e0 davantage d\u2019espaces de cr\u00e9ation \u00e0 l\u2019avenir \u00e9galement! C\u2019est un cadeau que tu peux offrir aux g\u00e9n\u00e9rations futures. R\u00e9diger un testament signifie agir de mani\u00e8re autod\u00e9termin\u00e9e et durable au-del\u00e0 de la fin de sa vie et contribuer \u00e0 un monde plus cr\u00e9atif et [&hellip;]<\/p>\n","protected":false},"featured_media":25603,"template":"","meta":{"_acf_changed":false,"latitude":"","longitude":"","kurzbeschreibung":"Veiller \u00e0 ce que les enfants aient acc\u00e8s \u00e0 la culture et \u00e0 davantage d\u2019espaces de cr\u00e9ation \u00e0 l\u2019avenir \u00e9galement! C\u2019est un cadeau que tu peux offrir aux g\u00e9n\u00e9rations futures.","datum_von":"2024-11-11 13:15:00","footnotes":""},"kanton":[143],"event_category":[145],"class_list":["post-25614","event","type-event","status-publish","has-post-thumbnail","hentry","kanton-national-fr","event_category-anlass-fr"],"acf":[],"yoast_head":"<!-- This site is optimized with the Yoast SEO plugin v27.2 - https:\/\/yoast.com\/product\/yoast-seo-wordpress\/ -->\n<title>Des enfants cr\u00e9atifs, \u00e0 l\u2019avenir \u00e9galement! &#8211; Lapurla<\/title>\n<meta name=\"description\" content=\"Des enfants cr\u00e9atifs, \u00e0 l\u2019avenir \u00e9galement!\" \/>\n<meta name=\"robots\" content=\"index, follow, max-snippet:-1, max-image-preview:large, max-video-preview:-1\" \/>\n<link rel=\"canonical\" href=\"https:\/\/www.lapurla.ch\/fr\/event\/des-enfants-creatifs-a-lavenir-egalement-2\" \/>\n<meta property=\"og:locale\" content=\"fr_FR\" \/>\n<meta property=\"og:type\" content=\"article\" \/>\n<meta property=\"og:title\" content=\"Des enfants cr\u00e9atifs, \u00e0 l\u2019avenir \u00e9galement! &#8211; Lapurla\" \/>\n<meta property=\"og:description\" content=\"Des enfants cr\u00e9atifs, \u00e0 l\u2019avenir \u00e9galement!\" \/>\n<meta property=\"og:url\" content=\"https:\/\/www.lapurla.ch\/fr\/event\/des-enfants-creatifs-a-lavenir-egalement-2\" \/>\n<meta property=\"og:site_name\" content=\"Lapurla\" \/>\n<meta property=\"article:modified_time\" content=\"2024-09-16T07:48:10+00:00\" \/>\n<meta property=\"og:image\" content=\"https:\/\/www.lapurla.ch\/wp-content\/uploads\/2024\/09\/LapurlaLegat.png\" \/>\n\t<meta property=\"og:image:width\" content=\"1000\" \/>\n\t<meta property=\"og:image:height\" content=\"563\" \/>\n\t<meta property=\"og:image:type\" content=\"image\/png\" \/>\n<meta name=\"twitter:card\" content=\"summary_large_image\" \/>\n<meta name=\"twitter:label1\" content=\"Dur\u00e9e de lecture estim\u00e9e\" \/>\n\t<meta name=\"twitter:data1\" content=\"2 minutes\" \/>\n<script type=\"application\/ld+json\" class=\"yoast-schema-graph\">{\"@context\":\"https:\/\/schema.org\",\"@graph\":[{\"@type\":\"WebPage\",\"@id\":\"https:\/\/www.lapurla.ch\/fr\/event\/des-enfants-creatifs-a-lavenir-egalement-2\",\"url\":\"https:\/\/www.lapurla.ch\/fr\/event\/des-enfants-creatifs-a-lavenir-egalement-2\",\"name\":\"Des enfants cr\u00e9atifs, \u00e0 l\u2019avenir \u00e9galement! &#8211; Lapurla\",\"isPartOf\":{\"@id\":\"https:\/\/www.lapurla.ch\/#website\"},\"primaryImageOfPage\":{\"@id\":\"https:\/\/www.lapurla.ch\/fr\/event\/des-enfants-creatifs-a-lavenir-egalement-2#primaryimage\"},\"image\":{\"@id\":\"https:\/\/www.lapurla.ch\/fr\/event\/des-enfants-creatifs-a-lavenir-egalement-2#primaryimage\"},\"thumbnailUrl\":\"https:\/\/www.lapurla.ch\/wp-content\/uploads\/2024\/09\/LapurlaLegat.png\",\"datePublished\":\"2024-09-16T07:03:02+00:00\",\"dateModified\":\"2024-09-16T07:48:10+00:00\",\"description\":\"Des enfants cr\u00e9atifs, \u00e0 l\u2019avenir \u00e9galement!\",\"breadcrumb\":{\"@id\":\"https:\/\/www.lapurla.ch\/fr\/event\/des-enfants-creatifs-a-lavenir-egalement-2#breadcrumb\"},\"inLanguage\":\"fr-FR\",\"potentialAction\":[{\"@type\":\"ReadAction\",\"target\":[\"https:\/\/www.lapurla.ch\/fr\/event\/des-enfants-creatifs-a-lavenir-egalement-2\"]}]},{\"@type\":\"ImageObject\",\"inLanguage\":\"fr-FR\",\"@id\":\"https:\/\/www.lapurla.ch\/fr\/event\/des-enfants-creatifs-a-lavenir-egalement-2#primaryimage\",\"url\":\"https:\/\/www.lapurla.ch\/wp-content\/uploads\/2024\/09\/LapurlaLegat.png\",\"contentUrl\":\"https:\/\/www.lapurla.ch\/wp-content\/uploads\/2024\/09\/LapurlaLegat.png\",\"width\":1000,\"height\":563},{\"@type\":\"BreadcrumbList\",\"@id\":\"https:\/\/www.lapurla.ch\/fr\/event\/des-enfants-creatifs-a-lavenir-egalement-2#breadcrumb\",\"itemListElement\":[{\"@type\":\"ListItem\",\"position\":1,\"name\":\"Startseite\",\"item\":\"https:\/\/www.lapurla.ch\/fr\"},{\"@type\":\"ListItem\",\"position\":2,\"name\":\"Events\",\"item\":\"https:\/\/www.lapurla.ch\/event\"},{\"@type\":\"ListItem\",\"position\":3,\"name\":\"Des enfants cr\u00e9atifs, \u00e0 l\u2019avenir \u00e9galement!\"}]},{\"@type\":\"WebSite\",\"@id\":\"https:\/\/www.lapurla.ch\/#website\",\"url\":\"https:\/\/www.lapurla.ch\/\",\"name\":\"Lapurla\",\"description\":\"\",\"publisher\":{\"@id\":\"https:\/\/www.lapurla.ch\/#organization\"},\"potentialAction\":[{\"@type\":\"SearchAction\",\"target\":{\"@type\":\"EntryPoint\",\"urlTemplate\":\"https:\/\/www.lapurla.ch\/?s={search_term_string}\"},\"query-input\":{\"@type\":\"PropertyValueSpecification\",\"valueRequired\":true,\"valueName\":\"search_term_string\"}}],\"inLanguage\":\"fr-FR\"},{\"@type\":\"Organization\",\"@id\":\"https:\/\/www.lapurla.ch\/#organization\",\"name\":\"Lapurla\",\"url\":\"https:\/\/www.lapurla.ch\/\",\"logo\":{\"@type\":\"ImageObject\",\"inLanguage\":\"fr-FR\",\"@id\":\"https:\/\/www.lapurla.ch\/#\/schema\/logo\/image\/\",\"url\":\"https:\/\/www.lapurla.ch\/wp-content\/uploads\/2022\/03\/cropped-favicon.png\",\"contentUrl\":\"https:\/\/www.lapurla.ch\/wp-content\/uploads\/2022\/03\/cropped-favicon.png\",\"width\":512,\"height\":512,\"caption\":\"Lapurla\"},\"image\":{\"@id\":\"https:\/\/www.lapurla.ch\/#\/schema\/logo\/image\/\"}}]}<\/script>\n<!-- \/ Yoast SEO plugin. -->","yoast_head_json":{"title":"Des enfants cr\u00e9atifs, \u00e0 l\u2019avenir \u00e9galement! &#8211; Lapurla","description":"Des enfants cr\u00e9atifs, \u00e0 l\u2019avenir \u00e9galement!","robots":{"index":"index","follow":"follow","max-snippet":"max-snippet:-1","max-image-preview":"max-image-preview:large","max-video-preview":"max-video-preview:-1"},"canonical":"https:\/\/www.lapurla.ch\/fr\/event\/des-enfants-creatifs-a-lavenir-egalement-2","og_locale":"fr_FR","og_type":"article","og_title":"Des enfants cr\u00e9atifs, \u00e0 l\u2019avenir \u00e9galement! &#8211; Lapurla","og_description":"Des enfants cr\u00e9atifs, \u00e0 l\u2019avenir \u00e9galement!","og_url":"https:\/\/www.lapurla.ch\/fr\/event\/des-enfants-creatifs-a-lavenir-egalement-2","og_site_name":"Lapurla","article_modified_time":"2024-09-16T07:48:10+00:00","og_image":[{"width":1000,"height":563,"url":"https:\/\/www.lapurla.ch\/wp-content\/uploads\/2024\/09\/LapurlaLegat.png","type":"image\/png"}],"twitter_card":"summary_large_image","twitter_misc":{"Dur\u00e9e de lecture estim\u00e9e":"2 minutes"},"schema":{"@context":"https:\/\/schema.org","@graph":[{"@type":"WebPage","@id":"https:\/\/www.lapurla.ch\/fr\/event\/des-enfants-creatifs-a-lavenir-egalement-2","url":"https:\/\/www.lapurla.ch\/fr\/event\/des-enfants-creatifs-a-lavenir-egalement-2","name":"Des enfants cr\u00e9atifs, \u00e0 l\u2019avenir \u00e9galement! &#8211; Lapurla","isPartOf":{"@id":"https:\/\/www.lapurla.ch\/#website"},"primaryImageOfPage":{"@id":"https:\/\/www.lapurla.ch\/fr\/event\/des-enfants-creatifs-a-lavenir-egalement-2#primaryimage"},"image":{"@id":"https:\/\/www.lapurla.ch\/fr\/event\/des-enfants-creatifs-a-lavenir-egalement-2#primaryimage"},"thumbnailUrl":"https:\/\/www.lapurla.ch\/wp-content\/uploads\/2024\/09\/LapurlaLegat.png","datePublished":"2024-09-16T07:03:02+00:00","dateModified":"2024-09-16T07:48:10+00:00","description":"Des enfants cr\u00e9atifs, \u00e0 l\u2019avenir \u00e9galement!","breadcrumb":{"@id":"https:\/\/www.lapurla.ch\/fr\/event\/des-enfants-creatifs-a-lavenir-egalement-2#breadcrumb"},"inLanguage":"fr-FR","potentialAction":[{"@type":"ReadAction","target":["https:\/\/www.lapurla.ch\/fr\/event\/des-enfants-creatifs-a-lavenir-egalement-2"]}]},{"@type":"ImageObject","inLanguage":"fr-FR","@id":"https:\/\/www.lapurla.ch\/fr\/event\/des-enfants-creatifs-a-lavenir-egalement-2#primaryimage","url":"https:\/\/www.lapurla.ch\/wp-content\/uploads\/2024\/09\/LapurlaLegat.png","contentUrl":"https:\/\/www.lapurla.ch\/wp-content\/uploads\/2024\/09\/LapurlaLegat.png","width":1000,"height":563},{"@type":"BreadcrumbList","@id":"https:\/\/www.lapurla.ch\/fr\/event\/des-enfants-creatifs-a-lavenir-egalement-2#breadcrumb","itemListElement":[{"@type":"ListItem","position":1,"name":"Startseite","item":"https:\/\/www.lapurla.ch\/fr"},{"@type":"ListItem","position":2,"name":"Events","item":"https:\/\/www.lapurla.ch\/event"},{"@type":"ListItem","position":3,"name":"Des enfants cr\u00e9atifs, \u00e0 l\u2019avenir \u00e9galement!"}]},{"@type":"WebSite","@id":"https:\/\/www.lapurla.ch\/#website","url":"https:\/\/www.lapurla.ch\/","name":"Lapurla","description":"","publisher":{"@id":"https:\/\/www.lapurla.ch\/#organization"},"potentialAction":[{"@type":"SearchAction","target":{"@type":"EntryPoint","urlTemplate":"https:\/\/www.lapurla.ch\/?s={search_term_string}"},"query-input":{"@type":"PropertyValueSpecification","valueRequired":true,"valueName":"search_term_string"}}],"inLanguage":"fr-FR"},{"@type":"Organization","@id":"https:\/\/www.lapurla.ch\/#organization","name":"Lapurla","url":"https:\/\/www.lapurla.ch\/","logo":{"@type":"ImageObject","inLanguage":"fr-FR","@id":"https:\/\/www.lapurla.ch\/#\/schema\/logo\/image\/","url":"https:\/\/www.lapurla.ch\/wp-content\/uploads\/2022\/03\/cropped-favicon.png","contentUrl":"https:\/\/www.lapurla.ch\/wp-content\/uploads\/2022\/03\/cropped-favicon.png","width":512,"height":512,"caption":"Lapurla"},"image":{"@id":"https:\/\/www.lapurla.ch\/#\/schema\/logo\/image\/"}}]}},"datum":"lundi, 11. novembre 2024 | 13:15 h","_links":{"self":[{"href":"https:\/\/www.lapurla.ch\/fr\/wp-json\/wp\/v2\/event\/25614","targetHints":{"allow":["GET"]}}],"collection":[{"href":"https:\/\/www.lapurla.ch\/fr\/wp-json\/wp\/v2\/event"}],"about":[{"href":"https:\/\/www.lapurla.ch\/fr\/wp-json\/wp\/v2\/types\/event"}],"version-history":[{"count":2,"href":"https:\/\/www.lapurla.ch\/fr\/wp-json\/wp\/v2\/event\/25614\/revisions"}],"predecessor-version":[{"id":25654,"href":"https:\/\/www.lapurla.ch\/fr\/wp-json\/wp\/v2\/event\/25614\/revisions\/25654"}],"wp:featuredmedia":[{"embeddable":true,"href":"https:\/\/www.lapurla.ch\/fr\/wp-json\/wp\/v2\/media\/25603"}],"wp:attachment":[{"href":"https:\/\/www.lapurla.ch\/fr\/wp-json\/wp\/v2\/media?parent=25614"}],"wp:term":[{"taxonomy":"kanton","embeddable":true,"href":"https:\/\/www.lapurla.ch\/fr\/wp-json\/wp\/v2\/kanton?post=25614"},{"taxonomy":"event_category","embeddable":true,"href":"https:\/\/www.lapurla.ch\/fr\/wp-json\/wp\/v2\/event_category?post=25614"}],"curies":[{"name":"wp","href":"https:\/\/api.w.org\/{rel}","templated":true}]}}

Des enfants créatifs, à l’avenir également!

<p>Veiller à ce que les enfants aient accès à la culture et à davantage d’espaces de création à l’avenir également! C’est un cadeau que tu peux offrir aux générations futures.<br><br>Rédiger un testament signifie agir de manière autodéterminée et durable au-delà de la fin de sa vie et contribuer à un monde plus créatif et plus juste.&nbsp;</p>



<p>Tu as toujours voulu savoir comment rédiger un testament ? C&rsquo;est l&rsquo;occasion de le faire ! Clarifie les choses et participe au webinaire de&nbsp;<a href="https://lapurla.us3.list-manage.com/track/click?u=99ee1e1d88304206d6e48b3bd&amp;id=7cc1e27c38&amp;e=acda540f66" target="_blank" rel="noreferrer noopener">«Dein&nbsp;Adieu»</a>. Comme Lapurla est enregistré sur «Dein Adieu», vous pouvez participer gratuitement au&nbsp;<strong>webinairs</strong>&nbsp;sans engagement :<br><br>Lundi 11&nbsp;novembre 2024 | de 13&nbsp;h&nbsp;15 à 14&nbsp;h&nbsp;15 | En ligne |&nbsp;<a href="https://lapurla.us3.list-manage.com/track/click?u=99ee1e1d88304206d6e48b3bd&amp;id=b661554793&amp;e=acda540f66" target="_blank" rel="noreferrer noopener">Lien</a></p>



<figure class="wp-block-image size-full"><img loading="lazy" decoding="async" width="1000" height="563" src="https://www.lapurla.ch/wp-content/uploads/2024/09/LapurlaLegat.png" alt="" class="wp-image-25603" srcset="https://www.lapurla.ch/wp-content/uploads/2024/09/LapurlaLegat.png 1000w, https://www.lapurla.ch/wp-content/uploads/2024/09/LapurlaLegat-300x169.png 300w, https://www.lapurla.ch/wp-content/uploads/2024/09/LapurlaLegat-768x432.png 768w" sizes="auto, (max-width: 1000px) 100vw, 1000px" /></figure>

<p>Veiller à ce que les enfants aient accès à la culture et à davantage d’espaces de création à l’avenir également! C’est un cadeau que tu peux offrir aux générations futures. Rédiger un testament signifie agir de manière autodéterminée et durable au-delà de la fin de sa vie et contribuer à un monde plus créatif et [&hellip;]</p>

Veiller à ce que les enfants aient accès à la culture et à davantage d’espaces de création à l’avenir également! C’est un cadeau que tu peux offrir aux générations futures.

<!-- This site is optimized with the Yoast SEO plugin v27.2 - https://yoast.com/product/yoast-seo-wordpress/ -->
<title>Des enfants créatifs, à l’avenir également! &#8211; Lapurla</title>
<meta name="description" content="Des enfants créatifs, à l’avenir également!" />
<meta name="robots" content="index, follow, max-snippet:-1, max-image-preview:large, max-video-preview:-1" />
<link rel="canonical" href="https://www.lapurla.ch/fr/event/des-enfants-creatifs-a-lavenir-egalement-2" />
<meta property="og:locale" content="fr_FR" />
<meta property="og:type" content="article" />
<meta property="og:title" content="Des enfants créatifs, à l’avenir également! &#8211; Lapurla" />
<meta property="og:description" content="Des enfants créatifs, à l’avenir également!" />
<meta property="og:url" content="https://www.lapurla.ch/fr/event/des-enfants-creatifs-a-lavenir-egalement-2" />
<meta property="og:site_name" content="Lapurla" />
<meta property="article:modified_time" content="2024-09-16T07:48:10+00:00" />
<meta property="og:image" content="https://www.lapurla.ch/wp-content/uploads/2024/09/LapurlaLegat.png" />
	<meta property="og:image:width" content="1000" />
	<meta property="og:image:height" content="563" />
	<meta property="og:image:type" content="image/png" />
<meta name="twitter:card" content="summary_large_image" />
<meta name="twitter:label1" content="Durée de lecture estimée" />
	<meta name="twitter:data1" content="2 minutes" />
<script type="application/ld+json" class="yoast-schema-graph">{"@context":"https://schema.org","@graph":[{"@type":"WebPage","@id":"https://www.lapurla.ch/fr/event/des-enfants-creatifs-a-lavenir-egalement-2","url":"https://www.lapurla.ch/fr/event/des-enfants-creatifs-a-lavenir-egalement-2","name":"Des enfants créatifs, à l’avenir également! &#8211; Lapurla","isPartOf":{"@id":"https://www.lapurla.ch/#website"},"primaryImageOfPage":{"@id":"https://www.lapurla.ch/fr/event/des-enfants-creatifs-a-lavenir-egalement-2#primaryimage"},"image":{"@id":"https://www.lapurla.ch/fr/event/des-enfants-creatifs-a-lavenir-egalement-2#primaryimage"},"thumbnailUrl":"https://www.lapurla.ch/wp-content/uploads/2024/09/LapurlaLegat.png","datePublished":"2024-09-16T07:03:02+00:00","dateModified":"2024-09-16T07:48:10+00:00","description":"Des enfants créatifs, à l’avenir également!","breadcrumb":{"@id":"https://www.lapurla.ch/fr/event/des-enfants-creatifs-a-lavenir-egalement-2#breadcrumb"},"inLanguage":"fr-FR","potentialAction":[{"@type":"ReadAction","target":["https://www.lapurla.ch/fr/event/des-enfants-creatifs-a-lavenir-egalement-2"]}]},{"@type":"ImageObject","inLanguage":"fr-FR","@id":"https://www.lapurla.ch/fr/event/des-enfants-creatifs-a-lavenir-egalement-2#primaryimage","url":"https://www.lapurla.ch/wp-content/uploads/2024/09/LapurlaLegat.png","contentUrl":"https://www.lapurla.ch/wp-content/uploads/2024/09/LapurlaLegat.png","width":1000,"height":563},{"@type":"BreadcrumbList","@id":"https://www.lapurla.ch/fr/event/des-enfants-creatifs-a-lavenir-egalement-2#breadcrumb","itemListElement":[{"@type":"ListItem","position":1,"name":"Startseite","item":"https://www.lapurla.ch/fr"},{"@type":"ListItem","position":2,"name":"Events","item":"https://www.lapurla.ch/event"},{"@type":"ListItem","position":3,"name":"Des enfants créatifs, à l’avenir également!"}]},{"@type":"WebSite","@id":"https://www.lapurla.ch/#website","url":"https://www.lapurla.ch/","name":"Lapurla","description":"","publisher":{"@id":"https://www.lapurla.ch/#organization"},"potentialAction":[{"@type":"SearchAction","target":{"@type":"EntryPoint","urlTemplate":"https://www.lapurla.ch/?s={search_term_string}"},"query-input":{"@type":"PropertyValueSpecification","valueRequired":true,"valueName":"search_term_string"}}],"inLanguage":"fr-FR"},{"@type":"Organization","@id":"https://www.lapurla.ch/#organization","name":"Lapurla","url":"https://www.lapurla.ch/","logo":{"@type":"ImageObject","inLanguage":"fr-FR","@id":"https://www.lapurla.ch/#/schema/logo/image/","url":"https://www.lapurla.ch/wp-content/uploads/2022/03/cropped-favicon.png","contentUrl":"https://www.lapurla.ch/wp-content/uploads/2022/03/cropped-favicon.png","width":512,"height":512,"caption":"Lapurla"},"image":{"@id":"https://www.lapurla.ch/#/schema/logo/image/"}}]}</script>
<!-- / Yoast SEO plugin. -->

Des enfants créatifs, à l’avenir également! &#8211; Lapurla
