{"id":25135,"date":"2024-07-11T11:53:55","date_gmt":"2024-07-11T09:53:55","guid":{"rendered":"https:\/\/www.lapurla.ch\/?post_type=event&#038;p=25135"},"modified":"2024-07-11T11:53:56","modified_gmt":"2024-07-11T09:53:56","slug":"rencontre-autour-de-leveil-artistique","status":"publish","type":"event","link":"https:\/\/www.lapurla.ch\/fr\/event\/rencontre-autour-de-leveil-artistique","title":{"rendered":"Rencontre autour de l&rsquo;\u00e9veil artistique"},"content":{"rendered":"\n<p>Au menu de cette rencontre, une pr\u00e9sentation de l\u2019initiative Lapurla et de projets de pratiques d\u2019\u00e9veil culturel. Les \u00e9changes porteront aussi sur des questionnements tels que\u2009: Quelles sont les repr\u00e9sentations, croyances, li\u00e9es \u00e0 nos identit\u00e9s (artistes, professionnel\u00b7les de l\u2019enfance)\u2009 ? Comment favoriser l\u2019\u00e9galit\u00e9 des chances en mati\u00e8re d\u2019\u00e9veil culturel\u2009 ? Quels sont les freins symboliques, logistiques, financiers\u2009 ? Quels sont les possibles\u2009 ? L&rsquo;\u00e9v\u00e9nement est propos\u00e9 par <a href=\"https:\/\/www.la-gare.ch\" target=\"_blank\" rel=\"noreferrer noopener\">\u00abLa Gare, arts et jeunesse\u00bb<\/a>, avec la collaboration de la Ville de Monthey et le soutien de Lapurla. Pour les professionnel\u00b7les de l&rsquo;\u00e9ducation de l&rsquo;enfance, acteur\u00b7trices culturels et adultes curieux.<\/p>\n\n\n\n<p>Tu as envie d&rsquo;en faire partie ? Tu trouveras <a href=\"https:\/\/www.la-gare.ch\/programme\/spectacles\/rencontre-autour-de-leveil-artistique.html\" target=\"_blank\" rel=\"noreferrer noopener\">ici<\/a> toutes les informations importantes.<\/p>\n","protected":false},"excerpt":{"rendered":"<p>Au menu de cette rencontre, une pr\u00e9sentation de l\u2019initiative Lapurla et de projets de pratiques d\u2019\u00e9veil culturel. Les \u00e9changes porteront aussi sur des questionnements tels que\u2009: Quelles sont les repr\u00e9sentations, croyances, li\u00e9es \u00e0 nos identit\u00e9s (artistes, professionnel\u00b7les de l\u2019enfance)\u2009 ? Comment favoriser l\u2019\u00e9galit\u00e9 des chances en mati\u00e8re d\u2019\u00e9veil culturel\u2009 ? Quels sont les freins symboliques, [&hellip;]<\/p>\n","protected":false},"featured_media":25136,"template":"","meta":{"_acf_changed":false,"latitude":"","longitude":"","kurzbeschreibung":"Au menu de cette rencontre, une pr\u00e9sentation de l\u2019initiative Lapurla et de projets de pratiques d\u2019\u00e9veil culturel. Ensuite, il y aura un temps d'\u00e9change.","datum_von":"2024-09-19 18:30:00","footnotes":""},"kanton":[131],"event_category":[145],"class_list":["post-25135","event","type-event","status-publish","has-post-thumbnail","hentry","kanton-wallis-fr","event_category-anlass-fr"],"acf":[],"yoast_head":"<!-- This site is optimized with the Yoast SEO plugin v27.2 - https:\/\/yoast.com\/product\/yoast-seo-wordpress\/ -->\n<title>Rencontre autour de l&#039;\u00e9veil artistique &#8211; Lapurla<\/title>\n<meta name=\"description\" content=\"Rencontre autour de l&#039;\u00e9veil artistique\" \/>\n<meta name=\"robots\" content=\"index, follow, max-snippet:-1, max-image-preview:large, max-video-preview:-1\" \/>\n<link rel=\"canonical\" href=\"https:\/\/www.lapurla.ch\/fr\/event\/rencontre-autour-de-leveil-artistique\" \/>\n<meta property=\"og:locale\" content=\"fr_FR\" \/>\n<meta property=\"og:type\" content=\"article\" \/>\n<meta property=\"og:title\" content=\"Rencontre autour de l&#039;\u00e9veil artistique &#8211; Lapurla\" \/>\n<meta property=\"og:description\" content=\"Rencontre autour de l&#039;\u00e9veil artistique\" \/>\n<meta property=\"og:url\" content=\"https:\/\/www.lapurla.ch\/fr\/event\/rencontre-autour-de-leveil-artistique\" \/>\n<meta property=\"og:site_name\" content=\"Lapurla\" \/>\n<meta property=\"article:modified_time\" content=\"2024-07-11T09:53:56+00:00\" \/>\n<meta property=\"og:image\" content=\"https:\/\/www.lapurla.ch\/wp-content\/uploads\/2024\/07\/rencontre.jpg\" \/>\n\t<meta property=\"og:image:width\" content=\"900\" \/>\n\t<meta property=\"og:image:height\" content=\"500\" \/>\n\t<meta property=\"og:image:type\" content=\"image\/jpeg\" \/>\n<meta name=\"twitter:card\" content=\"summary_large_image\" \/>\n<meta name=\"twitter:label1\" content=\"Dur\u00e9e de lecture estim\u00e9e\" \/>\n\t<meta name=\"twitter:data1\" content=\"1 minute\" \/>\n<script type=\"application\/ld+json\" class=\"yoast-schema-graph\">{\"@context\":\"https:\/\/schema.org\",\"@graph\":[{\"@type\":\"WebPage\",\"@id\":\"https:\/\/www.lapurla.ch\/fr\/event\/rencontre-autour-de-leveil-artistique\",\"url\":\"https:\/\/www.lapurla.ch\/fr\/event\/rencontre-autour-de-leveil-artistique\",\"name\":\"Rencontre autour de l'\u00e9veil artistique &#8211; Lapurla\",\"isPartOf\":{\"@id\":\"https:\/\/www.lapurla.ch\/#website\"},\"primaryImageOfPage\":{\"@id\":\"https:\/\/www.lapurla.ch\/fr\/event\/rencontre-autour-de-leveil-artistique#primaryimage\"},\"image\":{\"@id\":\"https:\/\/www.lapurla.ch\/fr\/event\/rencontre-autour-de-leveil-artistique#primaryimage\"},\"thumbnailUrl\":\"https:\/\/www.lapurla.ch\/wp-content\/uploads\/2024\/07\/rencontre.jpg\",\"datePublished\":\"2024-07-11T09:53:55+00:00\",\"dateModified\":\"2024-07-11T09:53:56+00:00\",\"description\":\"Rencontre autour de l'\u00e9veil artistique\",\"breadcrumb\":{\"@id\":\"https:\/\/www.lapurla.ch\/fr\/event\/rencontre-autour-de-leveil-artistique#breadcrumb\"},\"inLanguage\":\"fr-FR\",\"potentialAction\":[{\"@type\":\"ReadAction\",\"target\":[\"https:\/\/www.lapurla.ch\/fr\/event\/rencontre-autour-de-leveil-artistique\"]}]},{\"@type\":\"ImageObject\",\"inLanguage\":\"fr-FR\",\"@id\":\"https:\/\/www.lapurla.ch\/fr\/event\/rencontre-autour-de-leveil-artistique#primaryimage\",\"url\":\"https:\/\/www.lapurla.ch\/wp-content\/uploads\/2024\/07\/rencontre.jpg\",\"contentUrl\":\"https:\/\/www.lapurla.ch\/wp-content\/uploads\/2024\/07\/rencontre.jpg\",\"width\":900,\"height\":500},{\"@type\":\"BreadcrumbList\",\"@id\":\"https:\/\/www.lapurla.ch\/fr\/event\/rencontre-autour-de-leveil-artistique#breadcrumb\",\"itemListElement\":[{\"@type\":\"ListItem\",\"position\":1,\"name\":\"Startseite\",\"item\":\"https:\/\/www.lapurla.ch\/fr\"},{\"@type\":\"ListItem\",\"position\":2,\"name\":\"Events\",\"item\":\"https:\/\/www.lapurla.ch\/event\"},{\"@type\":\"ListItem\",\"position\":3,\"name\":\"Rencontre autour de l&#8217;\u00e9veil artistique\"}]},{\"@type\":\"WebSite\",\"@id\":\"https:\/\/www.lapurla.ch\/#website\",\"url\":\"https:\/\/www.lapurla.ch\/\",\"name\":\"Lapurla\",\"description\":\"\",\"publisher\":{\"@id\":\"https:\/\/www.lapurla.ch\/#organization\"},\"potentialAction\":[{\"@type\":\"SearchAction\",\"target\":{\"@type\":\"EntryPoint\",\"urlTemplate\":\"https:\/\/www.lapurla.ch\/?s={search_term_string}\"},\"query-input\":{\"@type\":\"PropertyValueSpecification\",\"valueRequired\":true,\"valueName\":\"search_term_string\"}}],\"inLanguage\":\"fr-FR\"},{\"@type\":\"Organization\",\"@id\":\"https:\/\/www.lapurla.ch\/#organization\",\"name\":\"Lapurla\",\"url\":\"https:\/\/www.lapurla.ch\/\",\"logo\":{\"@type\":\"ImageObject\",\"inLanguage\":\"fr-FR\",\"@id\":\"https:\/\/www.lapurla.ch\/#\/schema\/logo\/image\/\",\"url\":\"https:\/\/www.lapurla.ch\/wp-content\/uploads\/2022\/03\/cropped-favicon.png\",\"contentUrl\":\"https:\/\/www.lapurla.ch\/wp-content\/uploads\/2022\/03\/cropped-favicon.png\",\"width\":512,\"height\":512,\"caption\":\"Lapurla\"},\"image\":{\"@id\":\"https:\/\/www.lapurla.ch\/#\/schema\/logo\/image\/\"}}]}<\/script>\n<!-- \/ Yoast SEO plugin. -->","yoast_head_json":{"title":"Rencontre autour de l'\u00e9veil artistique &#8211; Lapurla","description":"Rencontre autour de l'\u00e9veil artistique","robots":{"index":"index","follow":"follow","max-snippet":"max-snippet:-1","max-image-preview":"max-image-preview:large","max-video-preview":"max-video-preview:-1"},"canonical":"https:\/\/www.lapurla.ch\/fr\/event\/rencontre-autour-de-leveil-artistique","og_locale":"fr_FR","og_type":"article","og_title":"Rencontre autour de l'\u00e9veil artistique &#8211; Lapurla","og_description":"Rencontre autour de l'\u00e9veil artistique","og_url":"https:\/\/www.lapurla.ch\/fr\/event\/rencontre-autour-de-leveil-artistique","og_site_name":"Lapurla","article_modified_time":"2024-07-11T09:53:56+00:00","og_image":[{"width":900,"height":500,"url":"https:\/\/www.lapurla.ch\/wp-content\/uploads\/2024\/07\/rencontre.jpg","type":"image\/jpeg"}],"twitter_card":"summary_large_image","twitter_misc":{"Dur\u00e9e de lecture estim\u00e9e":"1 minute"},"schema":{"@context":"https:\/\/schema.org","@graph":[{"@type":"WebPage","@id":"https:\/\/www.lapurla.ch\/fr\/event\/rencontre-autour-de-leveil-artistique","url":"https:\/\/www.lapurla.ch\/fr\/event\/rencontre-autour-de-leveil-artistique","name":"Rencontre autour de l'\u00e9veil artistique &#8211; Lapurla","isPartOf":{"@id":"https:\/\/www.lapurla.ch\/#website"},"primaryImageOfPage":{"@id":"https:\/\/www.lapurla.ch\/fr\/event\/rencontre-autour-de-leveil-artistique#primaryimage"},"image":{"@id":"https:\/\/www.lapurla.ch\/fr\/event\/rencontre-autour-de-leveil-artistique#primaryimage"},"thumbnailUrl":"https:\/\/www.lapurla.ch\/wp-content\/uploads\/2024\/07\/rencontre.jpg","datePublished":"2024-07-11T09:53:55+00:00","dateModified":"2024-07-11T09:53:56+00:00","description":"Rencontre autour de l'\u00e9veil artistique","breadcrumb":{"@id":"https:\/\/www.lapurla.ch\/fr\/event\/rencontre-autour-de-leveil-artistique#breadcrumb"},"inLanguage":"fr-FR","potentialAction":[{"@type":"ReadAction","target":["https:\/\/www.lapurla.ch\/fr\/event\/rencontre-autour-de-leveil-artistique"]}]},{"@type":"ImageObject","inLanguage":"fr-FR","@id":"https:\/\/www.lapurla.ch\/fr\/event\/rencontre-autour-de-leveil-artistique#primaryimage","url":"https:\/\/www.lapurla.ch\/wp-content\/uploads\/2024\/07\/rencontre.jpg","contentUrl":"https:\/\/www.lapurla.ch\/wp-content\/uploads\/2024\/07\/rencontre.jpg","width":900,"height":500},{"@type":"BreadcrumbList","@id":"https:\/\/www.lapurla.ch\/fr\/event\/rencontre-autour-de-leveil-artistique#breadcrumb","itemListElement":[{"@type":"ListItem","position":1,"name":"Startseite","item":"https:\/\/www.lapurla.ch\/fr"},{"@type":"ListItem","position":2,"name":"Events","item":"https:\/\/www.lapurla.ch\/event"},{"@type":"ListItem","position":3,"name":"Rencontre autour de l&#8217;\u00e9veil artistique"}]},{"@type":"WebSite","@id":"https:\/\/www.lapurla.ch\/#website","url":"https:\/\/www.lapurla.ch\/","name":"Lapurla","description":"","publisher":{"@id":"https:\/\/www.lapurla.ch\/#organization"},"potentialAction":[{"@type":"SearchAction","target":{"@type":"EntryPoint","urlTemplate":"https:\/\/www.lapurla.ch\/?s={search_term_string}"},"query-input":{"@type":"PropertyValueSpecification","valueRequired":true,"valueName":"search_term_string"}}],"inLanguage":"fr-FR"},{"@type":"Organization","@id":"https:\/\/www.lapurla.ch\/#organization","name":"Lapurla","url":"https:\/\/www.lapurla.ch\/","logo":{"@type":"ImageObject","inLanguage":"fr-FR","@id":"https:\/\/www.lapurla.ch\/#\/schema\/logo\/image\/","url":"https:\/\/www.lapurla.ch\/wp-content\/uploads\/2022\/03\/cropped-favicon.png","contentUrl":"https:\/\/www.lapurla.ch\/wp-content\/uploads\/2022\/03\/cropped-favicon.png","width":512,"height":512,"caption":"Lapurla"},"image":{"@id":"https:\/\/www.lapurla.ch\/#\/schema\/logo\/image\/"}}]}},"datum":"jeudi, 19. septembre 2024 | 18:30 h","_links":{"self":[{"href":"https:\/\/www.lapurla.ch\/fr\/wp-json\/wp\/v2\/event\/25135","targetHints":{"allow":["GET"]}}],"collection":[{"href":"https:\/\/www.lapurla.ch\/fr\/wp-json\/wp\/v2\/event"}],"about":[{"href":"https:\/\/www.lapurla.ch\/fr\/wp-json\/wp\/v2\/types\/event"}],"version-history":[{"count":1,"href":"https:\/\/www.lapurla.ch\/fr\/wp-json\/wp\/v2\/event\/25135\/revisions"}],"predecessor-version":[{"id":25139,"href":"https:\/\/www.lapurla.ch\/fr\/wp-json\/wp\/v2\/event\/25135\/revisions\/25139"}],"wp:featuredmedia":[{"embeddable":true,"href":"https:\/\/www.lapurla.ch\/fr\/wp-json\/wp\/v2\/media\/25136"}],"wp:attachment":[{"href":"https:\/\/www.lapurla.ch\/fr\/wp-json\/wp\/v2\/media?parent=25135"}],"wp:term":[{"taxonomy":"kanton","embeddable":true,"href":"https:\/\/www.lapurla.ch\/fr\/wp-json\/wp\/v2\/kanton?post=25135"},{"taxonomy":"event_category","embeddable":true,"href":"https:\/\/www.lapurla.ch\/fr\/wp-json\/wp\/v2\/event_category?post=25135"}],"curies":[{"name":"wp","href":"https:\/\/api.w.org\/{rel}","templated":true}]}}

Rencontre autour de l&rsquo;éveil artistique

<p>Au menu de cette rencontre, une présentation de l’initiative Lapurla et de projets de pratiques d’éveil culturel. Les échanges porteront aussi sur des questionnements tels que : Quelles sont les représentations, croyances, liées à nos identités (artistes, professionnel·les de l’enfance)  ? Comment favoriser l’égalité des chances en matière d’éveil culturel  ? Quels sont les freins symboliques, logistiques, financiers  ? Quels sont les possibles  ? L&rsquo;événement est proposé par <a href="https://www.la-gare.ch" target="_blank" rel="noreferrer noopener">«La Gare, arts et jeunesse»</a>, avec la collaboration de la Ville de Monthey et le soutien de Lapurla. Pour les professionnel·les de l&rsquo;éducation de l&rsquo;enfance, acteur·trices culturels et adultes curieux.</p>



<p>Tu as envie d&rsquo;en faire partie ? Tu trouveras <a href="https://www.la-gare.ch/programme/spectacles/rencontre-autour-de-leveil-artistique.html" target="_blank" rel="noreferrer noopener">ici</a> toutes les informations importantes.</p>

<p>Au menu de cette rencontre, une présentation de l’initiative Lapurla et de projets de pratiques d’éveil culturel. Les échanges porteront aussi sur des questionnements tels que : Quelles sont les représentations, croyances, liées à nos identités (artistes, professionnel·les de l’enfance)  ? Comment favoriser l’égalité des chances en matière d’éveil culturel  ? Quels sont les freins symboliques, [&hellip;]</p>

Au menu de cette rencontre, une présentation de l’initiative Lapurla et de projets de pratiques d’éveil culturel. Ensuite, il y aura un temps d'échange.

<!-- This site is optimized with the Yoast SEO plugin v27.2 - https://yoast.com/product/yoast-seo-wordpress/ -->
<title>Rencontre autour de l&#039;éveil artistique &#8211; Lapurla</title>
<meta name="description" content="Rencontre autour de l&#039;éveil artistique" />
<meta name="robots" content="index, follow, max-snippet:-1, max-image-preview:large, max-video-preview:-1" />
<link rel="canonical" href="https://www.lapurla.ch/fr/event/rencontre-autour-de-leveil-artistique" />
<meta property="og:locale" content="fr_FR" />
<meta property="og:type" content="article" />
<meta property="og:title" content="Rencontre autour de l&#039;éveil artistique &#8211; Lapurla" />
<meta property="og:description" content="Rencontre autour de l&#039;éveil artistique" />
<meta property="og:url" content="https://www.lapurla.ch/fr/event/rencontre-autour-de-leveil-artistique" />
<meta property="og:site_name" content="Lapurla" />
<meta property="article:modified_time" content="2024-07-11T09:53:56+00:00" />
<meta property="og:image" content="https://www.lapurla.ch/wp-content/uploads/2024/07/rencontre.jpg" />
	<meta property="og:image:width" content="900" />
	<meta property="og:image:height" content="500" />
	<meta property="og:image:type" content="image/jpeg" />
<meta name="twitter:card" content="summary_large_image" />
<meta name="twitter:label1" content="Durée de lecture estimée" />
	<meta name="twitter:data1" content="1 minute" />
<script type="application/ld+json" class="yoast-schema-graph">{"@context":"https://schema.org","@graph":[{"@type":"WebPage","@id":"https://www.lapurla.ch/fr/event/rencontre-autour-de-leveil-artistique","url":"https://www.lapurla.ch/fr/event/rencontre-autour-de-leveil-artistique","name":"Rencontre autour de l'éveil artistique &#8211; Lapurla","isPartOf":{"@id":"https://www.lapurla.ch/#website"},"primaryImageOfPage":{"@id":"https://www.lapurla.ch/fr/event/rencontre-autour-de-leveil-artistique#primaryimage"},"image":{"@id":"https://www.lapurla.ch/fr/event/rencontre-autour-de-leveil-artistique#primaryimage"},"thumbnailUrl":"https://www.lapurla.ch/wp-content/uploads/2024/07/rencontre.jpg","datePublished":"2024-07-11T09:53:55+00:00","dateModified":"2024-07-11T09:53:56+00:00","description":"Rencontre autour de l'éveil artistique","breadcrumb":{"@id":"https://www.lapurla.ch/fr/event/rencontre-autour-de-leveil-artistique#breadcrumb"},"inLanguage":"fr-FR","potentialAction":[{"@type":"ReadAction","target":["https://www.lapurla.ch/fr/event/rencontre-autour-de-leveil-artistique"]}]},{"@type":"ImageObject","inLanguage":"fr-FR","@id":"https://www.lapurla.ch/fr/event/rencontre-autour-de-leveil-artistique#primaryimage","url":"https://www.lapurla.ch/wp-content/uploads/2024/07/rencontre.jpg","contentUrl":"https://www.lapurla.ch/wp-content/uploads/2024/07/rencontre.jpg","width":900,"height":500},{"@type":"BreadcrumbList","@id":"https://www.lapurla.ch/fr/event/rencontre-autour-de-leveil-artistique#breadcrumb","itemListElement":[{"@type":"ListItem","position":1,"name":"Startseite","item":"https://www.lapurla.ch/fr"},{"@type":"ListItem","position":2,"name":"Events","item":"https://www.lapurla.ch/event"},{"@type":"ListItem","position":3,"name":"Rencontre autour de l&#8217;éveil artistique"}]},{"@type":"WebSite","@id":"https://www.lapurla.ch/#website","url":"https://www.lapurla.ch/","name":"Lapurla","description":"","publisher":{"@id":"https://www.lapurla.ch/#organization"},"potentialAction":[{"@type":"SearchAction","target":{"@type":"EntryPoint","urlTemplate":"https://www.lapurla.ch/?s={search_term_string}"},"query-input":{"@type":"PropertyValueSpecification","valueRequired":true,"valueName":"search_term_string"}}],"inLanguage":"fr-FR"},{"@type":"Organization","@id":"https://www.lapurla.ch/#organization","name":"Lapurla","url":"https://www.lapurla.ch/","logo":{"@type":"ImageObject","inLanguage":"fr-FR","@id":"https://www.lapurla.ch/#/schema/logo/image/","url":"https://www.lapurla.ch/wp-content/uploads/2022/03/cropped-favicon.png","contentUrl":"https://www.lapurla.ch/wp-content/uploads/2022/03/cropped-favicon.png","width":512,"height":512,"caption":"Lapurla"},"image":{"@id":"https://www.lapurla.ch/#/schema/logo/image/"}}]}</script>
<!-- / Yoast SEO plugin. -->

Rencontre autour de l'éveil artistique &#8211; Lapurla

Rencontre autour de l'éveil artistique

Rencontre autour de l&#8217;éveil artistique
