{"id":17112,"date":"2023-04-17T12:00:00","date_gmt":"2023-04-17T10:00:00","guid":{"rendered":"https:\/\/www.lapurla.ch\/event\/riflessi\/"},"modified":"2023-05-04T12:42:11","modified_gmt":"2023-05-04T10:42:11","slug":"riflessi","status":"publish","type":"event","link":"https:\/\/www.lapurla.ch\/fr\/event\/riflessi","title":{"rendered":"Riflessi"},"content":{"rendered":"\n<p>Une masterclass organis\u00e9e par Andrea Buzzetti, acteur et formateur de la Compagnia La Baracca &#8211; Testoni Ragazzi, expert en la mati\u00e8re depuis plus de vingt ans, pour s&rsquo;initier au th\u00e9\u00e2tre pour jeunes enfants et mettre en place une m\u00e9thode de travail pour cr\u00e9er ensuite un spectacle sans paroles, en utilisant un outil tr\u00e8s important : le corps.<\/p>\n","protected":false},"excerpt":{"rendered":"<p>Une masterclass organis\u00e9e par Andrea Buzzetti, acteur et formateur de la Compagnia La Baracca &#8211; Testoni Ragazzi, expert en la mati\u00e8re depuis plus de vingt ans, pour s&rsquo;initier au th\u00e9\u00e2tre pour jeunes enfants et mettre en place une m\u00e9thode de travail pour cr\u00e9er ensuite un spectacle sans paroles, en utilisant un outil tr\u00e8s important : [&hellip;]<\/p>\n","protected":false},"featured_media":16540,"template":"","meta":{"_acf_changed":false,"latitude":"45.9994078","longitude":"8.948065252683126","kurzbeschreibung":"Une masterclass pour s'initier au th\u00e9\u00e2tre pour jeunes enfants et mettre en place une m\u00e9thode de travail en utilisant un outil tr\u00e8s important : le corps.","datum_von":"2023-05-06 10:30:00","footnotes":""},"kanton":[99],"event_category":[145],"class_list":["post-17112","event","type-event","status-publish","has-post-thumbnail","hentry","kanton-tessin-fr","event_category-anlass-fr"],"acf":[],"yoast_head":"<!-- This site is optimized with the Yoast SEO plugin v27.2 - https:\/\/yoast.com\/product\/yoast-seo-wordpress\/ -->\n<title>Riflessi &#8211; Lapurla<\/title>\n<meta name=\"description\" content=\"Une masterclass pour s&#039;initier au th\u00e9\u00e2tre pour jeunes enfants et mettre en place une m\u00e9thode de travail en utilisant un outil tr\u00e8s important : le corps.\" \/>\n<meta name=\"robots\" content=\"index, follow, max-snippet:-1, max-image-preview:large, max-video-preview:-1\" \/>\n<link rel=\"canonical\" href=\"https:\/\/www.lapurla.ch\/fr\/event\/riflessi\" \/>\n<meta property=\"og:locale\" content=\"fr_FR\" \/>\n<meta property=\"og:type\" content=\"article\" \/>\n<meta property=\"og:title\" content=\"Riflessi &#8211; Lapurla\" \/>\n<meta property=\"og:description\" content=\"Une masterclass pour s&#039;initier au th\u00e9\u00e2tre pour jeunes enfants et mettre en place une m\u00e9thode de travail en utilisant un outil tr\u00e8s important : le corps.\" \/>\n<meta property=\"og:url\" content=\"https:\/\/www.lapurla.ch\/fr\/event\/riflessi\" \/>\n<meta property=\"og:site_name\" content=\"Lapurla\" \/>\n<meta property=\"article:modified_time\" content=\"2023-05-04T10:42:11+00:00\" \/>\n<meta property=\"og:image\" content=\"https:\/\/www.lapurla.ch\/wp-content\/uploads\/2023\/04\/Laboratorio-di-luci.png\" \/>\n\t<meta property=\"og:image:width\" content=\"2350\" \/>\n\t<meta property=\"og:image:height\" content=\"790\" \/>\n\t<meta property=\"og:image:type\" content=\"image\/png\" \/>\n<meta name=\"twitter:card\" content=\"summary_large_image\" \/>\n<meta name=\"twitter:label1\" content=\"Dur\u00e9e de lecture estim\u00e9e\" \/>\n\t<meta name=\"twitter:data1\" content=\"1 minute\" \/>\n<script type=\"application\/ld+json\" class=\"yoast-schema-graph\">{\"@context\":\"https:\/\/schema.org\",\"@graph\":[{\"@type\":\"WebPage\",\"@id\":\"https:\/\/www.lapurla.ch\/fr\/event\/riflessi\",\"url\":\"https:\/\/www.lapurla.ch\/fr\/event\/riflessi\",\"name\":\"Riflessi &#8211; Lapurla\",\"isPartOf\":{\"@id\":\"https:\/\/www.lapurla.ch\/#website\"},\"primaryImageOfPage\":{\"@id\":\"https:\/\/www.lapurla.ch\/fr\/event\/riflessi#primaryimage\"},\"image\":{\"@id\":\"https:\/\/www.lapurla.ch\/fr\/event\/riflessi#primaryimage\"},\"thumbnailUrl\":\"https:\/\/www.lapurla.ch\/wp-content\/uploads\/2023\/04\/Laboratorio-di-luci.png\",\"datePublished\":\"2023-04-17T10:00:00+00:00\",\"dateModified\":\"2023-05-04T10:42:11+00:00\",\"description\":\"Une masterclass pour s'initier au th\u00e9\u00e2tre pour jeunes enfants et mettre en place une m\u00e9thode de travail en utilisant un outil tr\u00e8s important : le corps.\",\"breadcrumb\":{\"@id\":\"https:\/\/www.lapurla.ch\/fr\/event\/riflessi#breadcrumb\"},\"inLanguage\":\"fr-FR\",\"potentialAction\":[{\"@type\":\"ReadAction\",\"target\":[\"https:\/\/www.lapurla.ch\/fr\/event\/riflessi\"]}]},{\"@type\":\"ImageObject\",\"inLanguage\":\"fr-FR\",\"@id\":\"https:\/\/www.lapurla.ch\/fr\/event\/riflessi#primaryimage\",\"url\":\"https:\/\/www.lapurla.ch\/wp-content\/uploads\/2023\/04\/Laboratorio-di-luci.png\",\"contentUrl\":\"https:\/\/www.lapurla.ch\/wp-content\/uploads\/2023\/04\/Laboratorio-di-luci.png\",\"width\":2350,\"height\":790},{\"@type\":\"BreadcrumbList\",\"@id\":\"https:\/\/www.lapurla.ch\/fr\/event\/riflessi#breadcrumb\",\"itemListElement\":[{\"@type\":\"ListItem\",\"position\":1,\"name\":\"Startseite\",\"item\":\"https:\/\/www.lapurla.ch\/fr\"},{\"@type\":\"ListItem\",\"position\":2,\"name\":\"Events\",\"item\":\"https:\/\/www.lapurla.ch\/event\"},{\"@type\":\"ListItem\",\"position\":3,\"name\":\"Riflessi\"}]},{\"@type\":\"WebSite\",\"@id\":\"https:\/\/www.lapurla.ch\/#website\",\"url\":\"https:\/\/www.lapurla.ch\/\",\"name\":\"Lapurla\",\"description\":\"\",\"publisher\":{\"@id\":\"https:\/\/www.lapurla.ch\/#organization\"},\"potentialAction\":[{\"@type\":\"SearchAction\",\"target\":{\"@type\":\"EntryPoint\",\"urlTemplate\":\"https:\/\/www.lapurla.ch\/?s={search_term_string}\"},\"query-input\":{\"@type\":\"PropertyValueSpecification\",\"valueRequired\":true,\"valueName\":\"search_term_string\"}}],\"inLanguage\":\"fr-FR\"},{\"@type\":\"Organization\",\"@id\":\"https:\/\/www.lapurla.ch\/#organization\",\"name\":\"Lapurla\",\"url\":\"https:\/\/www.lapurla.ch\/\",\"logo\":{\"@type\":\"ImageObject\",\"inLanguage\":\"fr-FR\",\"@id\":\"https:\/\/www.lapurla.ch\/#\/schema\/logo\/image\/\",\"url\":\"https:\/\/www.lapurla.ch\/wp-content\/uploads\/2022\/03\/cropped-favicon.png\",\"contentUrl\":\"https:\/\/www.lapurla.ch\/wp-content\/uploads\/2022\/03\/cropped-favicon.png\",\"width\":512,\"height\":512,\"caption\":\"Lapurla\"},\"image\":{\"@id\":\"https:\/\/www.lapurla.ch\/#\/schema\/logo\/image\/\"}}]}<\/script>\n<!-- \/ Yoast SEO plugin. -->","yoast_head_json":{"title":"Riflessi &#8211; Lapurla","description":"Une masterclass pour s'initier au th\u00e9\u00e2tre pour jeunes enfants et mettre en place une m\u00e9thode de travail en utilisant un outil tr\u00e8s important : le corps.","robots":{"index":"index","follow":"follow","max-snippet":"max-snippet:-1","max-image-preview":"max-image-preview:large","max-video-preview":"max-video-preview:-1"},"canonical":"https:\/\/www.lapurla.ch\/fr\/event\/riflessi","og_locale":"fr_FR","og_type":"article","og_title":"Riflessi &#8211; Lapurla","og_description":"Une masterclass pour s'initier au th\u00e9\u00e2tre pour jeunes enfants et mettre en place une m\u00e9thode de travail en utilisant un outil tr\u00e8s important : le corps.","og_url":"https:\/\/www.lapurla.ch\/fr\/event\/riflessi","og_site_name":"Lapurla","article_modified_time":"2023-05-04T10:42:11+00:00","og_image":[{"width":2350,"height":790,"url":"https:\/\/www.lapurla.ch\/wp-content\/uploads\/2023\/04\/Laboratorio-di-luci.png","type":"image\/png"}],"twitter_card":"summary_large_image","twitter_misc":{"Dur\u00e9e de lecture estim\u00e9e":"1 minute"},"schema":{"@context":"https:\/\/schema.org","@graph":[{"@type":"WebPage","@id":"https:\/\/www.lapurla.ch\/fr\/event\/riflessi","url":"https:\/\/www.lapurla.ch\/fr\/event\/riflessi","name":"Riflessi &#8211; Lapurla","isPartOf":{"@id":"https:\/\/www.lapurla.ch\/#website"},"primaryImageOfPage":{"@id":"https:\/\/www.lapurla.ch\/fr\/event\/riflessi#primaryimage"},"image":{"@id":"https:\/\/www.lapurla.ch\/fr\/event\/riflessi#primaryimage"},"thumbnailUrl":"https:\/\/www.lapurla.ch\/wp-content\/uploads\/2023\/04\/Laboratorio-di-luci.png","datePublished":"2023-04-17T10:00:00+00:00","dateModified":"2023-05-04T10:42:11+00:00","description":"Une masterclass pour s'initier au th\u00e9\u00e2tre pour jeunes enfants et mettre en place une m\u00e9thode de travail en utilisant un outil tr\u00e8s important : le corps.","breadcrumb":{"@id":"https:\/\/www.lapurla.ch\/fr\/event\/riflessi#breadcrumb"},"inLanguage":"fr-FR","potentialAction":[{"@type":"ReadAction","target":["https:\/\/www.lapurla.ch\/fr\/event\/riflessi"]}]},{"@type":"ImageObject","inLanguage":"fr-FR","@id":"https:\/\/www.lapurla.ch\/fr\/event\/riflessi#primaryimage","url":"https:\/\/www.lapurla.ch\/wp-content\/uploads\/2023\/04\/Laboratorio-di-luci.png","contentUrl":"https:\/\/www.lapurla.ch\/wp-content\/uploads\/2023\/04\/Laboratorio-di-luci.png","width":2350,"height":790},{"@type":"BreadcrumbList","@id":"https:\/\/www.lapurla.ch\/fr\/event\/riflessi#breadcrumb","itemListElement":[{"@type":"ListItem","position":1,"name":"Startseite","item":"https:\/\/www.lapurla.ch\/fr"},{"@type":"ListItem","position":2,"name":"Events","item":"https:\/\/www.lapurla.ch\/event"},{"@type":"ListItem","position":3,"name":"Riflessi"}]},{"@type":"WebSite","@id":"https:\/\/www.lapurla.ch\/#website","url":"https:\/\/www.lapurla.ch\/","name":"Lapurla","description":"","publisher":{"@id":"https:\/\/www.lapurla.ch\/#organization"},"potentialAction":[{"@type":"SearchAction","target":{"@type":"EntryPoint","urlTemplate":"https:\/\/www.lapurla.ch\/?s={search_term_string}"},"query-input":{"@type":"PropertyValueSpecification","valueRequired":true,"valueName":"search_term_string"}}],"inLanguage":"fr-FR"},{"@type":"Organization","@id":"https:\/\/www.lapurla.ch\/#organization","name":"Lapurla","url":"https:\/\/www.lapurla.ch\/","logo":{"@type":"ImageObject","inLanguage":"fr-FR","@id":"https:\/\/www.lapurla.ch\/#\/schema\/logo\/image\/","url":"https:\/\/www.lapurla.ch\/wp-content\/uploads\/2022\/03\/cropped-favicon.png","contentUrl":"https:\/\/www.lapurla.ch\/wp-content\/uploads\/2022\/03\/cropped-favicon.png","width":512,"height":512,"caption":"Lapurla"},"image":{"@id":"https:\/\/www.lapurla.ch\/#\/schema\/logo\/image\/"}}]}},"datum":"samedi, 6. mai 2023 | 10:30 h","_links":{"self":[{"href":"https:\/\/www.lapurla.ch\/fr\/wp-json\/wp\/v2\/event\/17112","targetHints":{"allow":["GET"]}}],"collection":[{"href":"https:\/\/www.lapurla.ch\/fr\/wp-json\/wp\/v2\/event"}],"about":[{"href":"https:\/\/www.lapurla.ch\/fr\/wp-json\/wp\/v2\/types\/event"}],"version-history":[{"count":3,"href":"https:\/\/www.lapurla.ch\/fr\/wp-json\/wp\/v2\/event\/17112\/revisions"}],"predecessor-version":[{"id":17124,"href":"https:\/\/www.lapurla.ch\/fr\/wp-json\/wp\/v2\/event\/17112\/revisions\/17124"}],"wp:featuredmedia":[{"embeddable":true,"href":"https:\/\/www.lapurla.ch\/fr\/wp-json\/wp\/v2\/media\/16540"}],"wp:attachment":[{"href":"https:\/\/www.lapurla.ch\/fr\/wp-json\/wp\/v2\/media?parent=17112"}],"wp:term":[{"taxonomy":"kanton","embeddable":true,"href":"https:\/\/www.lapurla.ch\/fr\/wp-json\/wp\/v2\/kanton?post=17112"},{"taxonomy":"event_category","embeddable":true,"href":"https:\/\/www.lapurla.ch\/fr\/wp-json\/wp\/v2\/event_category?post=17112"}],"curies":[{"name":"wp","href":"https:\/\/api.w.org\/{rel}","templated":true}]}}

<p>Une masterclass organisée par Andrea Buzzetti, acteur et formateur de la Compagnia La Baracca &#8211; Testoni Ragazzi, expert en la matière depuis plus de vingt ans, pour s&rsquo;initier au théâtre pour jeunes enfants et mettre en place une méthode de travail pour créer ensuite un spectacle sans paroles, en utilisant un outil très important : le corps.</p>

<p>Une masterclass organisée par Andrea Buzzetti, acteur et formateur de la Compagnia La Baracca &#8211; Testoni Ragazzi, expert en la matière depuis plus de vingt ans, pour s&rsquo;initier au théâtre pour jeunes enfants et mettre en place une méthode de travail pour créer ensuite un spectacle sans paroles, en utilisant un outil très important : [&hellip;]</p>

Une masterclass pour s'initier au théâtre pour jeunes enfants et mettre en place une méthode de travail en utilisant un outil très important : le corps.

<!-- This site is optimized with the Yoast SEO plugin v27.2 - https://yoast.com/product/yoast-seo-wordpress/ -->
<title>Riflessi &#8211; Lapurla</title>
<meta name="description" content="Une masterclass pour s&#039;initier au théâtre pour jeunes enfants et mettre en place une méthode de travail en utilisant un outil très important : le corps." />
<meta name="robots" content="index, follow, max-snippet:-1, max-image-preview:large, max-video-preview:-1" />
<link rel="canonical" href="https://www.lapurla.ch/fr/event/riflessi" />
<meta property="og:locale" content="fr_FR" />
<meta property="og:type" content="article" />
<meta property="og:title" content="Riflessi &#8211; Lapurla" />
<meta property="og:description" content="Une masterclass pour s&#039;initier au théâtre pour jeunes enfants et mettre en place une méthode de travail en utilisant un outil très important : le corps." />
<meta property="og:url" content="https://www.lapurla.ch/fr/event/riflessi" />
<meta property="og:site_name" content="Lapurla" />
<meta property="article:modified_time" content="2023-05-04T10:42:11+00:00" />
<meta property="og:image" content="https://www.lapurla.ch/wp-content/uploads/2023/04/Laboratorio-di-luci.png" />
	<meta property="og:image:width" content="2350" />
	<meta property="og:image:height" content="790" />
	<meta property="og:image:type" content="image/png" />
<meta name="twitter:card" content="summary_large_image" />
<meta name="twitter:label1" content="Durée de lecture estimée" />
	<meta name="twitter:data1" content="1 minute" />
<script type="application/ld+json" class="yoast-schema-graph">{"@context":"https://schema.org","@graph":[{"@type":"WebPage","@id":"https://www.lapurla.ch/fr/event/riflessi","url":"https://www.lapurla.ch/fr/event/riflessi","name":"Riflessi &#8211; Lapurla","isPartOf":{"@id":"https://www.lapurla.ch/#website"},"primaryImageOfPage":{"@id":"https://www.lapurla.ch/fr/event/riflessi#primaryimage"},"image":{"@id":"https://www.lapurla.ch/fr/event/riflessi#primaryimage"},"thumbnailUrl":"https://www.lapurla.ch/wp-content/uploads/2023/04/Laboratorio-di-luci.png","datePublished":"2023-04-17T10:00:00+00:00","dateModified":"2023-05-04T10:42:11+00:00","description":"Une masterclass pour s'initier au théâtre pour jeunes enfants et mettre en place une méthode de travail en utilisant un outil très important : le corps.","breadcrumb":{"@id":"https://www.lapurla.ch/fr/event/riflessi#breadcrumb"},"inLanguage":"fr-FR","potentialAction":[{"@type":"ReadAction","target":["https://www.lapurla.ch/fr/event/riflessi"]}]},{"@type":"ImageObject","inLanguage":"fr-FR","@id":"https://www.lapurla.ch/fr/event/riflessi#primaryimage","url":"https://www.lapurla.ch/wp-content/uploads/2023/04/Laboratorio-di-luci.png","contentUrl":"https://www.lapurla.ch/wp-content/uploads/2023/04/Laboratorio-di-luci.png","width":2350,"height":790},{"@type":"BreadcrumbList","@id":"https://www.lapurla.ch/fr/event/riflessi#breadcrumb","itemListElement":[{"@type":"ListItem","position":1,"name":"Startseite","item":"https://www.lapurla.ch/fr"},{"@type":"ListItem","position":2,"name":"Events","item":"https://www.lapurla.ch/event"},{"@type":"ListItem","position":3,"name":"Riflessi"}]},{"@type":"WebSite","@id":"https://www.lapurla.ch/#website","url":"https://www.lapurla.ch/","name":"Lapurla","description":"","publisher":{"@id":"https://www.lapurla.ch/#organization"},"potentialAction":[{"@type":"SearchAction","target":{"@type":"EntryPoint","urlTemplate":"https://www.lapurla.ch/?s={search_term_string}"},"query-input":{"@type":"PropertyValueSpecification","valueRequired":true,"valueName":"search_term_string"}}],"inLanguage":"fr-FR"},{"@type":"Organization","@id":"https://www.lapurla.ch/#organization","name":"Lapurla","url":"https://www.lapurla.ch/","logo":{"@type":"ImageObject","inLanguage":"fr-FR","@id":"https://www.lapurla.ch/#/schema/logo/image/","url":"https://www.lapurla.ch/wp-content/uploads/2022/03/cropped-favicon.png","contentUrl":"https://www.lapurla.ch/wp-content/uploads/2022/03/cropped-favicon.png","width":512,"height":512,"caption":"Lapurla"},"image":{"@id":"https://www.lapurla.ch/#/schema/logo/image/"}}]}</script>
<!-- / Yoast SEO plugin. -->
