{"version":"1.0","provider_name":"Lapurla","provider_url":"https:\/\/www.lapurla.ch\/fr","author_name":"Karin Kraus","author_url":"https:\/\/www.lapurla.ch\/fr\/author\/kkraus","title":"Formation continue &#8211; Lapurla","type":"rich","width":600,"height":338,"html":"<blockquote class=\"wp-embedded-content\" data-secret=\"eXT6YN2Hgv\"><a href=\"https:\/\/www.lapurla.ch\/fr\/weiterbildung\">Formation continue<\/a><\/blockquote><iframe sandbox=\"allow-scripts\" security=\"restricted\" src=\"https:\/\/www.lapurla.ch\/fr\/weiterbildung\/embed#?secret=eXT6YN2Hgv\" width=\"600\" height=\"338\" title=\"\u00ab\u00a0Formation continue\u00a0\u00bb &#8212; Lapurla\" data-secret=\"eXT6YN2Hgv\" frameborder=\"0\" marginwidth=\"0\" marginheight=\"0\" scrolling=\"no\" class=\"wp-embedded-content\"><\/iframe><script type=\"text\/javascript\">\n\/* <![CDATA[ *\/\n\/*! This file is auto-generated *\/\n!function(d,l){\"use strict\";l.querySelector&&d.addEventListener&&\"undefined\"!=typeof URL&&(d.wp=d.wp||{},d.wp.receiveEmbedMessage||(d.wp.receiveEmbedMessage=function(e){var t=e.data;if((t||t.secret||t.message||t.value)&&!\/[^a-zA-Z0-9]\/.test(t.secret)){for(var s,r,n,a=l.querySelectorAll('iframe[data-secret=\"'+t.secret+'\"]'),o=l.querySelectorAll('blockquote[data-secret=\"'+t.secret+'\"]'),c=new RegExp(\"^https?:$\",\"i\"),i=0;i<o.length;i++)o[i].style.display=\"none\";for(i=0;i<a.length;i++)s=a[i],e.source===s.contentWindow&&(s.removeAttribute(\"style\"),\"height\"===t.message?(1e3<(r=parseInt(t.value,10))?r=1e3:~~r<200&&(r=200),s.height=r):\"link\"===t.message&&(r=new URL(s.getAttribute(\"src\")),n=new URL(t.value),c.test(n.protocol))&&n.host===r.host&&l.activeElement===s&&(d.top.location.href=t.value))}},d.addEventListener(\"message\",d.wp.receiveEmbedMessage,!1),l.addEventListener(\"DOMContentLoaded\",function(){for(var e,t,s=l.querySelectorAll(\"iframe.wp-embedded-content\"),r=0;r<s.length;r++)(t=(e=s[r]).getAttribute(\"data-secret\"))||(t=Math.random().toString(36).substring(2,12),e.src+=\"#?secret=\"+t,e.setAttribute(\"data-secret\",t)),e.contentWindow.postMessage({message:\"ready\",secret:t},\"*\")},!1)))}(window,document);\n\/\/# sourceURL=https:\/\/www.lapurla.ch\/wp-includes\/js\/wp-embed.min.js\n\/* ]]> *\/\n<\/script>\n","description":"\u00abLe changement n\u00e9cessite de nouvelles impulsions dans la formation initiale et continue.\u00bb Carolin Fedier | Responsable du service M\u00e9diation culturelle, Office de la culture Berne CAS Formation culturelle Le CAS en cours d\u2019emploi \u00ab\u00c9ducation culturelle \u2013 Permettre la cr\u00e9ativit\u00e9 d\u00e8s la petite enfance\u00bb existe depuis 2013 en Suisse et est unique en son genre. Un [&hellip;]","thumbnail_url":"https:\/\/lapurla.ch\/wp-content\/uploads\/2022\/06\/2WBVermittlungCAS-Kulturelle-Bildung-im-Elementarbereich-1024x464.jpg"}

«Le changement nécessite de nouvelles impulsions dans la formation initiale et continue.» Carolin Fedier | Responsable du service Médiation culturelle, Office de la culture Berne CAS Formation culturelle Le CAS en cours d’emploi «Éducation culturelle – Permettre la créativité dès la petite enfance» existe depuis 2013 en Suisse et est unique en son genre. Un [&hellip;]
