{"version":"1.0","provider_name":"Lapurla","provider_url":"https:\/\/www.lapurla.ch\/fr","author_name":"Karin Kraus","author_url":"https:\/\/www.lapurla.ch\/fr\/author\/kkraus","title":"Vision et objectifs &#8211; Lapurla","type":"rich","width":600,"height":338,"html":"<blockquote class=\"wp-embedded-content\" data-secret=\"9ON9LMgI66\"><a href=\"https:\/\/www.lapurla.ch\/fr\/vision-und-ziele\">Vision et objectifs<\/a><\/blockquote><iframe sandbox=\"allow-scripts\" security=\"restricted\" src=\"https:\/\/www.lapurla.ch\/fr\/vision-und-ziele\/embed#?secret=9ON9LMgI66\" width=\"600\" height=\"338\" title=\"\u00ab\u00a0Vision et objectifs\u00a0\u00bb &#8212; Lapurla\" data-secret=\"9ON9LMgI66\" frameborder=\"0\" marginwidth=\"0\" marginheight=\"0\" scrolling=\"no\" class=\"wp-embedded-content\"><\/iframe><script type=\"text\/javascript\">\n\/* <![CDATA[ *\/\n\/*! This file is auto-generated *\/\n!function(d,l){\"use strict\";l.querySelector&&d.addEventListener&&\"undefined\"!=typeof URL&&(d.wp=d.wp||{},d.wp.receiveEmbedMessage||(d.wp.receiveEmbedMessage=function(e){var t=e.data;if((t||t.secret||t.message||t.value)&&!\/[^a-zA-Z0-9]\/.test(t.secret)){for(var s,r,n,a=l.querySelectorAll('iframe[data-secret=\"'+t.secret+'\"]'),o=l.querySelectorAll('blockquote[data-secret=\"'+t.secret+'\"]'),c=new RegExp(\"^https?:$\",\"i\"),i=0;i<o.length;i++)o[i].style.display=\"none\";for(i=0;i<a.length;i++)s=a[i],e.source===s.contentWindow&&(s.removeAttribute(\"style\"),\"height\"===t.message?(1e3<(r=parseInt(t.value,10))?r=1e3:~~r<200&&(r=200),s.height=r):\"link\"===t.message&&(r=new URL(s.getAttribute(\"src\")),n=new URL(t.value),c.test(n.protocol))&&n.host===r.host&&l.activeElement===s&&(d.top.location.href=t.value))}},d.addEventListener(\"message\",d.wp.receiveEmbedMessage,!1),l.addEventListener(\"DOMContentLoaded\",function(){for(var e,t,s=l.querySelectorAll(\"iframe.wp-embedded-content\"),r=0;r<s.length;r++)(t=(e=s[r]).getAttribute(\"data-secret\"))||(t=Math.random().toString(36).substring(2,12),e.src+=\"#?secret=\"+t,e.setAttribute(\"data-secret\",t)),e.contentWindow.postMessage({message:\"ready\",secret:t},\"*\")},!1)))}(window,document);\n\/\/# sourceURL=https:\/\/www.lapurla.ch\/wp-includes\/js\/wp-embed.min.js\n\/* ]]> *\/\n<\/script>\n","description":"Tout ce qui est entrepris dans le cadre de Lapurla tend vers le m\u00eame objectif fondamental: une soci\u00e9t\u00e9 o\u00f9 tous les enfants b\u00e9n\u00e9ficient de chances \u00e9gales. La participation culturelle et l\u2019\u00e9change sensoriel avec leur environnement doivent par ailleurs \u00eatre garantis aux enfants d\u00e8s la naissance Vision L\u2019initiative nationale Lapurla veut permettre aux enfants de 0&nbsp;\u00e0 [&hellip;]","thumbnail_url":"https:\/\/www.lapurla.ch\/wp-content\/uploads\/2022\/09\/Bildschirmfoto-2022-09-15-um-17.02.12.png","thumbnail_width":2388,"thumbnail_height":1796}

Tout ce qui est entrepris dans le cadre de Lapurla tend vers le même objectif fondamental: une société où tous les enfants bénéficient de chances égales. La participation culturelle et l’échange sensoriel avec leur environnement doivent par ailleurs être garantis aux enfants dès la naissance Vision L’initiative nationale Lapurla veut permettre aux enfants de 0&nbsp;à [&hellip;]
