{"version":"1.0","provider_name":"Lapurla","provider_url":"https:\/\/www.lapurla.ch\/fr","author_name":"Karin Kraus","author_url":"https:\/\/www.lapurla.ch\/fr\/author\/kkraus","title":"Kompass Kulturkita \u2013 Une orientation pour les pratiques culturelles \u00e9ducatives de la petite enfance (2024) &#8211; Lapurla","type":"rich","width":600,"height":338,"html":"<blockquote class=\"wp-embedded-content\" data-secret=\"tTY1cEFhLW\"><a href=\"https:\/\/www.lapurla.ch\/fr\/kompass-kulturkita\">Kompass Kulturkita \u2013 Une orientation pour les pratiques culturelles \u00e9ducatives de la petite enfance (2024)<\/a><\/blockquote><iframe sandbox=\"allow-scripts\" security=\"restricted\" src=\"https:\/\/www.lapurla.ch\/fr\/kompass-kulturkita\/embed#?secret=tTY1cEFhLW\" width=\"600\" height=\"338\" title=\"\u00ab\u00a0Kompass Kulturkita \u2013 Une orientation pour les pratiques culturelles \u00e9ducatives de la petite enfance (2024)\u00a0\u00bb &#8212; Lapurla\" data-secret=\"tTY1cEFhLW\" frameborder=\"0\" marginwidth=\"0\" marginheight=\"0\" scrolling=\"no\" class=\"wp-embedded-content\"><\/iframe><script type=\"text\/javascript\">\n\/* <![CDATA[ *\/\n\/*! This file is auto-generated *\/\n!function(d,l){\"use strict\";l.querySelector&&d.addEventListener&&\"undefined\"!=typeof URL&&(d.wp=d.wp||{},d.wp.receiveEmbedMessage||(d.wp.receiveEmbedMessage=function(e){var t=e.data;if((t||t.secret||t.message||t.value)&&!\/[^a-zA-Z0-9]\/.test(t.secret)){for(var s,r,n,a=l.querySelectorAll('iframe[data-secret=\"'+t.secret+'\"]'),o=l.querySelectorAll('blockquote[data-secret=\"'+t.secret+'\"]'),c=new RegExp(\"^https?:$\",\"i\"),i=0;i<o.length;i++)o[i].style.display=\"none\";for(i=0;i<a.length;i++)s=a[i],e.source===s.contentWindow&&(s.removeAttribute(\"style\"),\"height\"===t.message?(1e3<(r=parseInt(t.value,10))?r=1e3:~~r<200&&(r=200),s.height=r):\"link\"===t.message&&(r=new URL(s.getAttribute(\"src\")),n=new URL(t.value),c.test(n.protocol))&&n.host===r.host&&l.activeElement===s&&(d.top.location.href=t.value))}},d.addEventListener(\"message\",d.wp.receiveEmbedMessage,!1),l.addEventListener(\"DOMContentLoaded\",function(){for(var e,t,s=l.querySelectorAll(\"iframe.wp-embedded-content\"),r=0;r<s.length;r++)(t=(e=s[r]).getAttribute(\"data-secret\"))||(t=Math.random().toString(36).substring(2,12),e.src+=\"#?secret=\"+t,e.setAttribute(\"data-secret\",t)),e.contentWindow.postMessage({message:\"ready\",secret:t},\"*\")},!1)))}(window,document);\n\/\/# sourceURL=https:\/\/www.lapurla.ch\/wp-includes\/js\/wp-embed.min.js\n\/* ]]> *\/\n<\/script>\n","thumbnail_url":"https:\/\/www.lapurla.ch\/wp-content\/uploads\/2024\/06\/LapurlaIconsPublikationenKompass-Kulturkita.png","thumbnail_width":1000,"thumbnail_height":563,"description":"En tant que livre tournant, la boussole du programme Kulturkita Hessen permet de naviguer facilement entre ses deux parties, les bases et les aspects qualitatifs. La partie \u00ab\u00a0Bases\u00a0\u00bb d\u00e9crit les principaux aspects de l&rsquo;\u00e9ducation, les concepts et les points de d\u00e9part de l&rsquo;\u00e9ducation culturelle de la petite enfance et les classe : Qu&rsquo;est-ce que l&rsquo;\u00e9ducation [&hellip;]"}

Kompass Kulturkita – Une orientation pour les pratiques culturelles éducatives de la petite enfance (2024) &#8211; Lapurla

<blockquote class="wp-embedded-content" data-secret="tTY1cEFhLW"><a href="https://www.lapurla.ch/fr/kompass-kulturkita">Kompass Kulturkita – Une orientation pour les pratiques culturelles éducatives de la petite enfance (2024)</a></blockquote><iframe sandbox="allow-scripts" security="restricted" src="https://www.lapurla.ch/fr/kompass-kulturkita/embed#?secret=tTY1cEFhLW" width="600" height="338" title="« Kompass Kulturkita – Une orientation pour les pratiques culturelles éducatives de la petite enfance (2024) » &#8212; Lapurla" data-secret="tTY1cEFhLW" frameborder="0" marginwidth="0" marginheight="0" scrolling="no" class="wp-embedded-content"></iframe><script type="text/javascript">
/* <![CDATA[ */
/*! This file is auto-generated */
!function(d,l){"use strict";l.querySelector&&d.addEventListener&&"undefined"!=typeof URL&&(d.wp=d.wp||{},d.wp.receiveEmbedMessage||(d.wp.receiveEmbedMessage=function(e){var t=e.data;if((t||t.secret||t.message||t.value)&&!/[^a-zA-Z0-9]/.test(t.secret)){for(var s,r,n,a=l.querySelectorAll('iframe[data-secret="'+t.secret+'"]'),o=l.querySelectorAll('blockquote[data-secret="'+t.secret+'"]'),c=new RegExp("^https?:$","i"),i=0;i<o.length;i++)o[i].style.display="none";for(i=0;i<a.length;i++)s=a[i],e.source===s.contentWindow&&(s.removeAttribute("style"),"height"===t.message?(1e3<(r=parseInt(t.value,10))?r=1e3:~~r<200&&(r=200),s.height=r):"link"===t.message&&(r=new URL(s.getAttribute("src")),n=new URL(t.value),c.test(n.protocol))&&n.host===r.host&&l.activeElement===s&&(d.top.location.href=t.value))}},d.addEventListener("message",d.wp.receiveEmbedMessage,!1),l.addEventListener("DOMContentLoaded",function(){for(var e,t,s=l.querySelectorAll("iframe.wp-embedded-content"),r=0;r<s.length;r++)(t=(e=s[r]).getAttribute("data-secret"))||(t=Math.random().toString(36).substring(2,12),e.src+="#?secret="+t,e.setAttribute("data-secret",t)),e.contentWindow.postMessage({message:"ready",secret:t},"*")},!1)))}(window,document);
//# sourceURL=https://www.lapurla.ch/wp-includes/js/wp-embed.min.js
/* ]]> */
</script>

En tant que livre tournant, la boussole du programme Kulturkita Hessen permet de naviguer facilement entre ses deux parties, les bases et les aspects qualitatifs. La partie « Bases » décrit les principaux aspects de l&rsquo;éducation, les concepts et les points de départ de l&rsquo;éducation culturelle de la petite enfance et les classe : Qu&rsquo;est-ce que l&rsquo;éducation [&hellip;]
